{"id":840,"date":"2016-08-19T12:13:27","date_gmt":"2016-08-19T10:13:27","guid":{"rendered":"http:\/\/editions-sillage.fr\/?page_id=840"},"modified":"2018-06-08T15:01:26","modified_gmt":"2018-06-08T13:01:26","slug":"ernst-theodor-hoffmann","status":"publish","type":"page","link":"https:\/\/editions-sillage.fr\/?page_id=840","title":{"rendered":"Ernst Theodor Hoffmann"},"content":{"rendered":"<blockquote>\n<p style=\"text-align: justify;\">Ernst Theodor Hoffmann chez Sillage :<\/p>\n<ul>\n<li style=\"text-align: justify;\"><a href=\"http:\/\/editions-sillage.fr\/?p=618\">Le Choix d&rsquo;une fianc\u00e9e<\/a><\/li>\n<li><a href=\"http:\/\/editions-sillage.fr\/?p=2485\">L&rsquo;Homme au sable<\/a><\/li>\n<\/ul>\n<\/blockquote>\n<p style=\"text-align: justify;\"><img loading=\"lazy\" decoding=\"async\" class=\"alignright size-full wp-image-841\" src=\"http:\/\/editions-sillage.fr\/wp-content\/uploads\/2016\/08\/hoffmann-1.jpg\" alt=\"hoffmann\" width=\"154\" height=\"175\" srcset=\"https:\/\/editions-sillage.fr\/wp-content\/uploads\/2016\/08\/hoffmann-1.jpg 154w, https:\/\/editions-sillage.fr\/wp-content\/uploads\/2016\/08\/hoffmann-1-132x150.jpg 132w\" sizes=\"auto, (max-width: 154px) 100vw, 154px\" \/>1776\u00a0: Naissance le 24 janvier \u00e0 K\u00f6nigsberg d\u2019Ernst Theodor Hoffmann \u2013 en 1812, il adopte pour troisi\u00e8me pr\u00e9nom celui d\u2019Amadeus, en hommage \u00e0 Mozart. Famille d\u00e9sunie\u00a0: son p\u00e8re, magistrat, quitte de bonne heure sa jeune femme en laissant Ernst \u00e0 sa famille maternelle. Il est \u00e9lev\u00e9 par sa grand-m\u00e8re D\u00f6rffer, sa tante Sophie et son oncle, Otto D\u00f6rffer, personnage \u00e9trange dont Hoffmann brossera dans son \u0153uvre un portrait sans am\u00e9nit\u00e9.<\/p>\n<p style=\"text-align: justify;\">1782-1792\u00a0: \u00c9tudes classiques au coll\u00e8ge de K\u00f6nigsberg. Il noue avec son camarade Hippel, dont le p\u00e8re est un \u00e9crivain connu, une amiti\u00e9 qui durera jusqu\u2019\u00e0 sa mort.<\/p>\n<p style=\"text-align: justify;\">1792-1796\u00a0: Il entame en 1792 des \u00e9tudes de droit et passe l\u2019examen d\u2019auditeur trois ans plus tard. Il est attir\u00e9 tr\u00e8s jeune par la musique, que lui enseigne un organiste polonais, prototype du \u00ab\u00a0mage\u00a0\u00bb dans\u00a0<i>Le Chat Murr<\/i>. Il s\u2019essaye \u00e9galement \u00e0 l\u2019\u00e9criture de po\u00e8mes, de romans, ainsi qu\u2019au dessin. Adolescent solitaire et d\u2019un temp\u00e9rament nerveux, il gardera la nostalgie du monde de l\u2019enfance. Hoffmann s\u2019\u00e9prend d\u2019une jeune femme mari\u00e9e, Cora Hatt, \u00e0 qui il donne des le\u00e7ons de musique.<\/p>\n<p style=\"text-align: justify;\">1796\u00a0: Clerc \u00e0 Glogau en Sil\u00e9sie chez un oncle magistrat, puis \u00e0 Berlin. Il se fiance \u00e0 sa jeune cousine, Mina D\u00f6rffer. \u00c0 Berlin, il fr\u00e9quente le th\u00e9\u00e2tre, peint, compose et \u00e9crit.<\/p>\n<p style=\"text-align: justify;\">1800\u00a0: Nomm\u00e9 assesseur dans la petite ville de Posen. Rompt ses fian\u00e7ailles avec sa cousine et \u00e9pouse une jeune polonaise, Michaelina Trynski, qui restera jusqu\u2019\u00e0 la fin une \u00e9pouse d\u00e9vou\u00e9e et discr\u00e8te. Il est oblig\u00e9 de quitter la ville apr\u00e8s avoir fait circuler des caricatures de notables locaux lors du carnaval.<\/p>\n<p style=\"text-align: justify;\">1802-1806\u00a0: Il est exil\u00e9 dans un petit bourg de trois mille habitants. Hippel parvient \u00e0 le faire nommer dans l\u2019administration prussienne \u00e0 Varsovie en 1804. Il y retrouve son compatriote Zacharias Werner et se lie avec un jeune coll\u00e8gue, Eduard Hitzig, membre du groupe litt\u00e9raire berlinois \u00ab\u00a0L\u2019\u00c9toile du Nord\u00a0\u00bb (<i>Nordstern<\/i>). Hitzig sera le premier biographe d\u2019Hoffmann, de Werner et de Chamisso. En 1806 il quitte Varsovie, occup\u00e9e par les Fran\u00e7ais, et se rend \u00e0 Berlin. \u00c9bauche deux op\u00e9ras qu\u2019il abandonne. Il lit Schlegel, Fichte, Brentano, Chamisso.<\/p>\n<p style=\"text-align: justify;\">1808\u00a0: Kapellmeister au th\u00e9\u00e2tre de la ville de Bamberg, dans l\u2019Allemagne du sud, o\u00f9 il se rend avec sa femme. Grande passion pour une de ses \u00e9l\u00e8ves, Julia Marc, fille de commer\u00e7ants juifs \u00e2g\u00e9e de treize ans lorsqu\u2019il devient son professeur. Cet amour impossible aura des r\u00e9sonances dans\u00a0<i>Le Chat Murr<\/i>\u00a0et dans plusieurs contes. \u00c9crit son premier conte connu,\u00a0<i>Le Chevalier Gluck<\/i>, bient\u00f4t suivi des\u00a0<i>Kreisleriana<\/i>\u00a0et des\u00a0<i>Fantaisies \u00e0 la mani\u00e8re de Callot<\/i>.<\/p>\n<p style=\"text-align: justify;\">1813\u00a0: S\u00e9par\u00e9 de Julia qui s\u2019est mari\u00e9e un an plus t\u00f4t, il se rend \u00e0 Dresde pour s\u2019occuper du th\u00e9\u00e2tre de la ville. Malgr\u00e9 la guerre, il continue \u00e0 \u00e9crire \u2013\u00a0<i>Le Vase d\u2019or<\/i>,\u00a0<i>Le Magn\u00e9tiseur<\/i>\u00a0et le d\u00e9but de son premier roman,\u00a0<i>Les \u00c9lixirs du Diable<\/i>.<\/p>\n<p style=\"text-align: justify;\">1814\u00a0: Son ami Hippel lui obtient un emploi subalterne dans la magistrature \u00e0 Berlin. Il se lie d\u2019amiti\u00e9 avec ceux qui deviendront les \u00ab\u00a0fr\u00e8res S\u00e9rapion\u00a0\u00bb \u2013 Tieck, Brentano, Arnim, Chamisso, qu\u2019il retrouve \u00e0 la taverne Lutter et Wegener. P\u00e9riode prolixe\u00a0: il publie\u00a0<i>Les \u00c9lixirs du Diable<\/i>\u00a0en 1816, puis il commence l\u2019\u00e9criture des contes des\u00a0<i>Fr\u00e8res de Saint-S\u00e9rapion<\/i>. Le surmenage, l\u2019alcool, une imagination sans cesse exalt\u00e9e minent gravement sa sant\u00e9.<\/p>\n<p style=\"text-align: justify;\">1819-1822\u00a0: Publication de\u00a0<i>Petit Zach\u00e9e, surnomm\u00e9 Cinabre<\/i>\u00a0en 1819. Apr\u00e8s l\u2019assassinat de Kotzebue \u00e0 Mannheim par l\u2019\u00e9tudiant K.L. Sand, Hoffmann est nomm\u00e9 par le gouvernement pour \u00e9claircir le r\u00f4le des mouvements subversifs estudiantins. Il prend la d\u00e9fense de nombre d\u2019intellectuels emprisonn\u00e9s \u00e0 tort, ce qui lui vaut de subir une campagne de calomnies. Hoffmann publie beaucoup\u00a0:\u00a0<i>Princesse Brambilla<\/i>\u00a0en 1820, les quatre volumes des\u00a0<i>Fr\u00e8res de Saint-S\u00e9rapion<\/i>\u00a0de 1819 \u00e0 1821, enfin les deux premiers volumes du\u00a0<i>Chat Murr<\/i>\u00a0en 1819 et 1821. Le troisi\u00e8me ne sera jamais \u00e9crit. En 1822, le manuscrit de\u00a0<i>Ma\u00eetre Puce<\/i>\u00a0est saisi, et n\u2019est publi\u00e9 qu\u2019amput\u00e9 par la censure.<\/p>\n<p style=\"text-align: justify;\">1822\u00a0: Hoffmann meurt le 25 juin, \u00e0 l\u2019\u00e2ge de quarante-six ans, d\u2019un \u00ab\u00a0d\u00e9r\u00e8glement g\u00e9n\u00e9ralis\u00e9 du syst\u00e8me nerveux\u00a0\u00bb.<\/p>\n<hr \/>\n<h4 style=\"text-align: center;\"><a id=\"biblio\"><\/a>Bibliographie<\/h4>\n<p>&nbsp;<\/p>\n<div class=\"auteurtitre\">\n<p style=\"text-align: justify;\"><strong>\u00c9ditions des \u0153uvres d\u2019Hoffmann\u00a0<\/strong><\/p>\n<\/div>\n<div class=\"textecourantjustif\" style=\"text-align: justify;\">\n<p><i>Int\u00e9grale des contes et r\u00e9cits<\/i>, \u00e9dition \u00e9tablie par Albert B\u00e9guin et Madeleine Laval, 14 vol., Paris, Ph\u00e9bus, 1979-1984.\u00a0<i>Le Choix d\u2019une fianc\u00e9e<\/i>\u00a0est extrait du tome III des\u00a0<i>Fr\u00e8res de Saint-S\u00e9rapion<\/i>\u00a0(in\u00a0<i>Int\u00e9grale des contes et r\u00e9cits<\/i>, Ph\u00e9bus, 1982).<br \/>\n <i>\u00c9crits sur la musique<\/i>, Lausanne, L\u2019\u00c2ge d\u2019Homme, 1985.<\/p>\n<\/div>\n<div class=\"auteurtitre\" style=\"text-align: justify;\">\n<p><i>\u00c9ditions allemandes<\/i><\/p>\n<\/div>\n<div class=\"textecourantjustif\" style=\"text-align: justify;\">\n<p><i>S\u00e4mtliche Werke in sechs B\u00e4nden<\/i>, Frankfurt am Main, Deutsche Klassiker Verlag, 1985.<br \/>\n <i>E.T.A Hoffmanns Erz\u00e4hlungen<\/i>, M\u00fcnchen, Hansen, 2000.<\/p>\n<\/div>\n<div class=\"auteurtitre\" style=\"text-align: justify;\">\n<p><strong>Biographies et ouvrages critiques<\/strong><\/p>\n<p><i>Ouvrages en fran\u00e7ais<\/i><\/p>\n<\/div>\n<div class=\"textecourantjustif\" style=\"text-align: justify;\">\n<p>Schneider Marcel,\u00a0<i>E.T.A. Hoffmann<\/i>, Paris, Julliard, 1979.<br \/>\n Mistler Jean,\u00a0<i>Hoffmann le Fantastique<\/i>, Paris, Albin Michel, 1982.<br \/>\n P\u00e9ju Pierre,\u00a0<i>L\u2019Ombre de soi-m\u00eame. E.T.A. Hoffmann, une biographie<\/i>, Paris, Ph\u00e9bus, 1992.<br \/>\n Sucher Paul,\u00a0<i>Les Sources du merveilleux chez E.T.A. Hoffmann<\/i>, Paris, 1912.<br \/>\n Kofman Sarah,\u00a0<i>Autobiogriffures du Chat Murr d\u2019Hoffmann<\/i>, Paris, Galil\u00e9e, 1984.<br \/>\n Lagache Agn\u00e8s,\u00a0<i>Le Carnaval et la princesse\u00a0: une lecture raisonn\u00e9e d\u2019Hoffmann<\/i>, Paris, Atelier Alpha bleue, 1989.<\/p>\n<\/div>\n<div class=\"auteurtitre\" style=\"text-align: justify;\">\n<p><i>Ouvrages en langues \u00e9trang\u00e8res<\/i><\/p>\n<\/div>\n<div class=\"textecourantjustif\">\n<p style=\"text-align: justify;\">Safranski R\u00fcdiger,\u00a0<i>E.T.A. Hoffmann. Das Leben eines skeptischen Phantasmen<\/i>, M\u00fcnchen, Wien, 1984.<br \/>\n Segebrecht Wulf,\u00a0<i>Autobiographie und Dichtung. Eine Studie zum Werk E.T.A. Hoffmanns<\/i>, Stuttgart, 1967.<br \/>\n Feldges Brigitte, Stadler Ulrich,\u00a0<i>E.T.A. Hoffmann. Epoche-Werk-Wirkung<\/i>, M\u00fcnchen, 1986.<br \/>\n Kaiser Gerhard R.,\u00a0<i>E.T.A. Hoffmann<\/i>, Stuttgart, 1988.<br \/>\n Werner Hans-Georg,\u00a0<i>E.T.A. Hoffmann. Darstellung und Deutung der Wirklichkeit im dichterischen Werk<\/i>, Berlin, Weimar, 1971.<br \/>\n K\u00f6hn Lothar,\u00a0<i>Vieldeutige Welt. Studien zur Struktur der Erz\u00e4hlungen E.T.A. Hoffmanns und zur Entwicklung seines Werkes<\/i>, T\u00fcbingen, 1966.<br \/>\n Von Matt Peter,\u00a0<i>Die Augen der Automaten. E.T.A. Hoffmanns Imaginationslehre als Prinzip seiner Erz\u00e4hlkunst<\/i>, T\u00fcbingen, 1971.<br \/>\n Roder Birgit,\u00a0<i>A Study of the major novellas of E.T.A. Hoffmann<\/i>, Rochester (N.Y.), Camden House, 2003.<br \/>\n Magris Claudio,\u00a0<i>L\u2019Altra Ragione. Tre saggi su Hoffmann<\/i>, Torino, Stampatori, 1978.<\/p>\n<p style=\"text-align: justify;\"><strong>Lien<\/strong><\/p>\n<p style=\"text-align: justify;\"><span class=\"Apple-style-span\"><a href=\"http:\/\/eta.staatsbibliothek-berlin.de\/\" target=\"_blank\" rel=\"noopener\">E.T.A. Hoffmann Archiv<\/a><\/span><\/p>\n<\/div>\n<p>&nbsp;<\/p>\n","protected":false},"excerpt":{"rendered":"<p>Ernst Theodor Hoffmann chez Sillage : Le Choix d&rsquo;une fianc\u00e9e L&rsquo;Homme au sable 1776\u00a0: Naissance le 24 janvier \u00e0 K\u00f6nigsberg d\u2019Ernst Theodor Hoffmann \u2013 en 1812, il adopte pour troisi\u00e8me pr\u00e9nom celui d\u2019Amadeus, en hommage \u00e0 Mozart. Famille d\u00e9sunie\u00a0: son p\u00e8re, magistrat, quitte de bonne heure sa jeune femme en laissant Ernst \u00e0 sa famille [&hellip;]<\/p>\n","protected":false},"author":1,"featured_media":0,"parent":0,"menu_order":0,"comment_status":"closed","ping_status":"closed","template":"","meta":{"footnotes":""},"class_list":["post-840","page","type-page","status-publish","hentry"],"_links":{"self":[{"href":"https:\/\/editions-sillage.fr\/index.php?rest_route=\/wp\/v2\/pages\/840","targetHints":{"allow":["GET"]}}],"collection":[{"href":"https:\/\/editions-sillage.fr\/index.php?rest_route=\/wp\/v2\/pages"}],"about":[{"href":"https:\/\/editions-sillage.fr\/index.php?rest_route=\/wp\/v2\/types\/page"}],"author":[{"embeddable":true,"href":"https:\/\/editions-sillage.fr\/index.php?rest_route=\/wp\/v2\/users\/1"}],"replies":[{"embeddable":true,"href":"https:\/\/editions-sillage.fr\/index.php?rest_route=%2Fwp%2Fv2%2Fcomments&post=840"}],"version-history":[{"count":7,"href":"https:\/\/editions-sillage.fr\/index.php?rest_route=\/wp\/v2\/pages\/840\/revisions"}],"predecessor-version":[{"id":2489,"href":"https:\/\/editions-sillage.fr\/index.php?rest_route=\/wp\/v2\/pages\/840\/revisions\/2489"}],"wp:attachment":[{"href":"https:\/\/editions-sillage.fr\/index.php?rest_route=%2Fwp%2Fv2%2Fmedia&parent=840"}],"curies":[{"name":"wp","href":"https:\/\/api.w.org\/{rel}","templated":true}]}}

<blockquote>
<p style="text-align: justify;">Ernst Theodor Hoffmann chez Sillage :</p>
<ul>
<li style="text-align: justify;"><a href="http://editions-sillage.fr/?p=618">Le Choix d&rsquo;une fiancée</a></li>
<li><a href="http://editions-sillage.fr/?p=2485">L&rsquo;Homme au sable</a></li>
</ul>
</blockquote>
<p style="text-align: justify;"><img loading="lazy" decoding="async" class="alignright size-full wp-image-841" src="http://editions-sillage.fr/wp-content/uploads/2016/08/hoffmann-1.jpg" alt="hoffmann" width="154" height="175" srcset="https://editions-sillage.fr/wp-content/uploads/2016/08/hoffmann-1.jpg 154w, https://editions-sillage.fr/wp-content/uploads/2016/08/hoffmann-1-132x150.jpg 132w" sizes="auto, (max-width: 154px) 100vw, 154px" />1776 : Naissance le 24 janvier à Königsberg d’Ernst Theodor Hoffmann – en 1812, il adopte pour troisième prénom celui d’Amadeus, en hommage à Mozart. Famille désunie : son père, magistrat, quitte de bonne heure sa jeune femme en laissant Ernst à sa famille maternelle. Il est élevé par sa grand-mère Dörffer, sa tante Sophie et son oncle, Otto Dörffer, personnage étrange dont Hoffmann brossera dans son œuvre un portrait sans aménité.</p>
<p style="text-align: justify;">1782-1792 : Études classiques au collège de Königsberg. Il noue avec son camarade Hippel, dont le père est un écrivain connu, une amitié qui durera jusqu’à sa mort.</p>
<p style="text-align: justify;">1792-1796 : Il entame en 1792 des études de droit et passe l’examen d’auditeur trois ans plus tard. Il est attiré très jeune par la musique, que lui enseigne un organiste polonais, prototype du « mage » dans <i>Le Chat Murr</i>. Il s’essaye également à l’écriture de poèmes, de romans, ainsi qu’au dessin. Adolescent solitaire et d’un tempérament nerveux, il gardera la nostalgie du monde de l’enfance. Hoffmann s’éprend d’une jeune femme mariée, Cora Hatt, à qui il donne des leçons de musique.</p>
<p style="text-align: justify;">1796 : Clerc à Glogau en Silésie chez un oncle magistrat, puis à Berlin. Il se fiance à sa jeune cousine, Mina Dörffer. À Berlin, il fréquente le théâtre, peint, compose et écrit.</p>
<p style="text-align: justify;">1800 : Nommé assesseur dans la petite ville de Posen. Rompt ses fiançailles avec sa cousine et épouse une jeune polonaise, Michaelina Trynski, qui restera jusqu’à la fin une épouse dévouée et discrète. Il est obligé de quitter la ville après avoir fait circuler des caricatures de notables locaux lors du carnaval.</p>
<p style="text-align: justify;">1802-1806 : Il est exilé dans un petit bourg de trois mille habitants. Hippel parvient à le faire nommer dans l’administration prussienne à Varsovie en 1804. Il y retrouve son compatriote Zacharias Werner et se lie avec un jeune collègue, Eduard Hitzig, membre du groupe littéraire berlinois « L’Étoile du Nord » (<i>Nordstern</i>). Hitzig sera le premier biographe d’Hoffmann, de Werner et de Chamisso. En 1806 il quitte Varsovie, occupée par les Français, et se rend à Berlin. Ébauche deux opéras qu’il abandonne. Il lit Schlegel, Fichte, Brentano, Chamisso.</p>
<p style="text-align: justify;">1808 : Kapellmeister au théâtre de la ville de Bamberg, dans l’Allemagne du sud, où il se rend avec sa femme. Grande passion pour une de ses élèves, Julia Marc, fille de commerçants juifs âgée de treize ans lorsqu’il devient son professeur. Cet amour impossible aura des résonances dans <i>Le Chat Murr</i> et dans plusieurs contes. Écrit son premier conte connu, <i>Le Chevalier Gluck</i>, bientôt suivi des <i>Kreisleriana</i> et des <i>Fantaisies à la manière de Callot</i>.</p>
<p style="text-align: justify;">1813 : Séparé de Julia qui s’est mariée un an plus tôt, il se rend à Dresde pour s’occuper du théâtre de la ville. Malgré la guerre, il continue à écrire – <i>Le Vase d’or</i>, <i>Le Magnétiseur</i> et le début de son premier roman, <i>Les Élixirs du Diable</i>.</p>
<p style="text-align: justify;">1814 : Son ami Hippel lui obtient un emploi subalterne dans la magistrature à Berlin. Il se lie d’amitié avec ceux qui deviendront les « frères Sérapion » – Tieck, Brentano, Arnim, Chamisso, qu’il retrouve à la taverne Lutter et Wegener. Période prolixe : il publie <i>Les Élixirs du Diable</i> en 1816, puis il commence l’écriture des contes des <i>Frères de Saint-Sérapion</i>. Le surmenage, l’alcool, une imagination sans cesse exaltée minent gravement sa santé.</p>
<p style="text-align: justify;">1819-1822 : Publication de <i>Petit Zachée, surnommé Cinabre</i> en 1819. Après l’assassinat de Kotzebue à Mannheim par l’étudiant K.L. Sand, Hoffmann est nommé par le gouvernement pour éclaircir le rôle des mouvements subversifs estudiantins. Il prend la défense de nombre d’intellectuels emprisonnés à tort, ce qui lui vaut de subir une campagne de calomnies. Hoffmann publie beaucoup : <i>Princesse Brambilla</i> en 1820, les quatre volumes des <i>Frères de Saint-Sérapion</i> de 1819 à 1821, enfin les deux premiers volumes du <i>Chat Murr</i> en 1819 et 1821. Le troisième ne sera jamais écrit. En 1822, le manuscrit de <i>Maître Puce</i> est saisi, et n’est publié qu’amputé par la censure.</p>
<p style="text-align: justify;">1822 : Hoffmann meurt le 25 juin, à l’âge de quarante-six ans, d’un « dérèglement généralisé du système nerveux ».</p>
<hr />
<h4 style="text-align: center;"><a id="biblio"></a>Bibliographie</h4>
<p>&nbsp;</p>
<div class="auteurtitre">
<p style="text-align: justify;"><strong>Éditions des œuvres d’Hoffmann </strong></p>
</div>
<div class="textecourantjustif" style="text-align: justify;">
<p><i>Intégrale des contes et récits</i>, édition établie par Albert Béguin et Madeleine Laval, 14 vol., Paris, Phébus, 1979-1984. <i>Le Choix d’une fiancée</i> est extrait du tome III des <i>Frères de Saint-Sérapion</i> (in <i>Intégrale des contes et récits</i>, Phébus, 1982).<br />
 <i>Écrits sur la musique</i>, Lausanne, L’Âge d’Homme, 1985.</p>
</div>
<div class="auteurtitre" style="text-align: justify;">
<p><i>Éditions allemandes</i></p>
</div>
<div class="textecourantjustif" style="text-align: justify;">
<p><i>Sämtliche Werke in sechs Bänden</i>, Frankfurt am Main, Deutsche Klassiker Verlag, 1985.<br />
 <i>E.T.A Hoffmanns Erzählungen</i>, München, Hansen, 2000.</p>
</div>
<div class="auteurtitre" style="text-align: justify;">
<p><strong>Biographies et ouvrages critiques</strong></p>
<p><i>Ouvrages en français</i></p>
</div>
<div class="textecourantjustif" style="text-align: justify;">
<p>Schneider Marcel, <i>E.T.A. Hoffmann</i>, Paris, Julliard, 1979.<br />
 Mistler Jean, <i>Hoffmann le Fantastique</i>, Paris, Albin Michel, 1982.<br />
 Péju Pierre, <i>L’Ombre de soi-même. E.T.A. Hoffmann, une biographie</i>, Paris, Phébus, 1992.<br />
 Sucher Paul, <i>Les Sources du merveilleux chez E.T.A. Hoffmann</i>, Paris, 1912.<br />
 Kofman Sarah, <i>Autobiogriffures du Chat Murr d’Hoffmann</i>, Paris, Galilée, 1984.<br />
 Lagache Agnès, <i>Le Carnaval et la princesse : une lecture raisonnée d’Hoffmann</i>, Paris, Atelier Alpha bleue, 1989.</p>
</div>
<div class="auteurtitre" style="text-align: justify;">
<p><i>Ouvrages en langues étrangères</i></p>
</div>
<div class="textecourantjustif">
<p style="text-align: justify;">Safranski Rüdiger, <i>E.T.A. Hoffmann. Das Leben eines skeptischen Phantasmen</i>, München, Wien, 1984.<br />
 Segebrecht Wulf, <i>Autobiographie und Dichtung. Eine Studie zum Werk E.T.A. Hoffmanns</i>, Stuttgart, 1967.<br />
 Feldges Brigitte, Stadler Ulrich, <i>E.T.A. Hoffmann. Epoche-Werk-Wirkung</i>, München, 1986.<br />
 Kaiser Gerhard R., <i>E.T.A. Hoffmann</i>, Stuttgart, 1988.<br />
 Werner Hans-Georg, <i>E.T.A. Hoffmann. Darstellung und Deutung der Wirklichkeit im dichterischen Werk</i>, Berlin, Weimar, 1971.<br />
 Köhn Lothar, <i>Vieldeutige Welt. Studien zur Struktur der Erzählungen E.T.A. Hoffmanns und zur Entwicklung seines Werkes</i>, Tübingen, 1966.<br />
 Von Matt Peter, <i>Die Augen der Automaten. E.T.A. Hoffmanns Imaginationslehre als Prinzip seiner Erzählkunst</i>, Tübingen, 1971.<br />
 Roder Birgit, <i>A Study of the major novellas of E.T.A. Hoffmann</i>, Rochester (N.Y.), Camden House, 2003.<br />
 Magris Claudio, <i>L’Altra Ragione. Tre saggi su Hoffmann</i>, Torino, Stampatori, 1978.</p>
<p style="text-align: justify;"><strong>Lien</strong></p>
<p style="text-align: justify;"><span class="Apple-style-span"><a href="http://eta.staatsbibliothek-berlin.de/" target="_blank" rel="noopener">E.T.A. Hoffmann Archiv</a></span></p>
</div>
<p>&nbsp;</p>

<p>Ernst Theodor Hoffmann chez Sillage : Le Choix d&rsquo;une fiancée L&rsquo;Homme au sable 1776 : Naissance le 24 janvier à Königsberg d’Ernst Theodor Hoffmann – en 1812, il adopte pour troisième prénom celui d’Amadeus, en hommage à Mozart. Famille désunie : son père, magistrat, quitte de bonne heure sa jeune femme en laissant Ernst à sa famille [&hellip;]</p>
