{"id":781,"date":"2016-08-18T16:27:00","date_gmt":"2016-08-18T14:27:00","guid":{"rendered":"http:\/\/editions-sillage.fr\/?page_id=781"},"modified":"2017-07-20T18:53:25","modified_gmt":"2017-07-20T16:53:25","slug":"yasunari-kawabata","status":"publish","type":"page","link":"https:\/\/editions-sillage.fr\/?page_id=781","title":{"rendered":"Yasunari Kawabata"},"content":{"rendered":"<div class=\"textecourantjustif\">\n<blockquote>\n<p style=\"text-align: justify;\">Yasunari Kawabata aux \u00e9ditions Sillage :<\/p>\n<ul>\n<li style=\"text-align: justify;\"><a href=\"http:\/\/editions-sillage.fr\/?p=580\"><em>Nu\u00e9e d&rsquo;oiseaux blancs<\/em><\/a><\/li>\n<\/ul>\n<\/blockquote>\n<p style=\"text-align: justify;\"><img loading=\"lazy\" decoding=\"async\" class=\"alignright size-full wp-image-782\" src=\"http:\/\/editions-sillage.fr\/wp-content\/uploads\/2016\/08\/kawabata-1.jpg\" alt=\"kawabata\" width=\"152\" height=\"181\" srcset=\"https:\/\/editions-sillage.fr\/wp-content\/uploads\/2016\/08\/kawabata-1.jpg 152w, https:\/\/editions-sillage.fr\/wp-content\/uploads\/2016\/08\/kawabata-1-126x150.jpg 126w\" sizes=\"auto, (max-width: 152px) 100vw, 152px\" \/>1899 : Le 14 juin, naissance \u00e0 Osaka de Yasunari Kawabata. Il est le fils d\u2019un m\u00e9decin lettr\u00e9.<\/p>\n<p style=\"text-align: justify;\">1901 : En janvier, son p\u00e8re meurt de la tuberculose. Souffrant de la m\u00eame affection, sa m\u00e8re meurt l\u2019ann\u00e9e suivante. L\u2019enfant est \u00e9lev\u00e9 par ses grands-parents paternels et s\u00e9par\u00e9 de sa s\u0153ur, \u00e9lev\u00e9e par une tante.<\/p>\n<p style=\"text-align: justify;\">1906 : Mort de sa grand-m\u00e8re.<\/p>\n<p style=\"text-align: justify;\">1909 : Mort de sa s\u0153ur.<\/p>\n<p style=\"text-align: justify;\">1912 : Kawabata entre au coll\u00e8ge d\u2019Ibaraki, dans la banlieue d\u2019\u00d4saka, o\u00f9 il restera jusqu\u2019en 1917.<\/p>\n<p style=\"text-align: justify;\">1914 : Mort de son grand-p\u00e8re. L\u2019agonie et l\u2019enterrement du vieillard lui inspireront le <i>Journal intime de ma seizi\u00e8me ann\u00e9e<\/i>, \u00e9crit l\u2019ann\u00e9e suivante, publi\u00e9 en 1925, et <i>Ossements<\/i>, \u00e9crit \u00e0 la m\u00eame \u00e9poque, publi\u00e9 en 1945. Son oncle maternel devient son tuteur.<\/p>\n<p style=\"text-align: justify;\">1916 : Publie quelques pi\u00e8ces courtes dans des revues locales.<\/p>\n<p style=\"text-align: justify;\">1917 : Entr\u00e9e au Premier Lyc\u00e9e de Tokyo, \u00e9tablissement prestigieux. Lectures nombreuses.<\/p>\n<p style=\"text-align: justify;\">1920 : Admis \u00e0 l\u2019Universit\u00e9 imp\u00e9riale de Tokyo, Kawabata \u00e9tudie d\u2019abord les lettres anglaises mais opte rapidement pour la litt\u00e9rature japonaise. Il fait la connaissance de l\u2019\u00e9crivain Kikuchi Kan, qui devient son protecteur.<\/p>\n<p style=\"text-align: justify;\">1921 : En compagnie d\u2019\u00e9tudiants, il fonde une revue litt\u00e9raire, Shinshich\u00f4, o\u00f9 il publie des r\u00e9cits. Il se fiance avec une serveuse de bar de quinze ans, qui rompt peu avant le mariage. Il se lie \u00e0 Akutagawa Ry\u00fbnosuke.<\/p>\n<p style=\"text-align: justify;\">1922 : Kawabata signe des traductions de Galsworthy et Tchekhov.<\/p>\n<p style=\"text-align: justify;\">1923 : Kikuchi Kan fonde Bungei shunj\u00fb, revue \u00e0 laquelle collabore Kawabata.<\/p>\n<p style=\"text-align: justify;\">1924 : Licenci\u00e9 \u00e8s lettres. Avec treize jeunes \u00e9crivains, il fonde la revue Bungei jidai, qui donne naissance au mouvement d\u2019avant-garde Shinkankaku-ha, ou \u00ab \u00e9cole des sensations nouvelles \u00bb, dont Kawabata sera une figure marquante. Commence pour lui une p\u00e9riode de cr\u00e9ation intense, qu\u2019il passe dans la mis\u00e8re.<\/p>\n<p style=\"text-align: justify;\">1925 : Kawabata publie un manifeste de l\u2019\u00ab \u00e9cole des sensations nouvelles \u00bb dans Bungei jidai. Il fait la rencontre de sa future femme.<\/p>\n<p style=\"text-align: justify;\">1926 : Parution de son premier livre, <i>R\u00e9cits de la paume de la main<\/i>, recueil de tr\u00e8s courts textes parus dans des revues depuis 1923. \u00c9criture d\u2019un sc\u00e9nario, <i>Une page folle<\/i>.<\/p>\n<p style=\"text-align: justify;\">1927 : <i>La Danseuse d\u2019Izu<\/i>.<\/p>\n<p style=\"text-align: justify;\">1929-1930 : Parution d\u2019un roman-feuilleton, <i>Chronique d\u2019Asakusa<\/i>, qui reste inachev\u00e9.<\/p>\n<p style=\"text-align: justify;\">1931 : Il \u00e9pouse Matsubayashi Hikedo.<\/p>\n<p style=\"text-align: justify;\">1932 : Il fr\u00e9quente une danseuse de casino, \u00e0 qui il permet de devenir danseuse classique.<\/p>\n<p style=\"text-align: justify;\">1933 : <i>Bestiaire<\/i>.<\/p>\n<p style=\"text-align: justify;\">1934 : <i>Autobiographie litt\u00e9raire<\/i>.<\/p>\n<p style=\"text-align: justify;\">1935 : Entame la r\u00e9daction de <i>Pays de Neige<\/i>, qui durera jusqu\u2019en 1948, l\u2019auteur publiant au fur et \u00e0 mesure des fragments dans diverses revues, avant de les rassembler, relus et corrig\u00e9s, en volume. Il appliquera cette m\u00e9thode \u00e0 la plupart de ses romans. Parall\u00e8lement, il continue \u00e0 \u00e9crire et publier de nombreuses nouvelles. Il devient jur\u00e9 du prix Akutagawa, cr\u00e9\u00e9 par Kikuchi Kan.<\/p>\n<p style=\"text-align: justify;\">1938 : Kawabata commence \u00e0 suivre avec passion des tournois de go et \u00e9crit des reportages \u00e0 ce sujet.<\/p>\n<p style=\"text-align: justify;\">1939 : Participe \u00e0 un mouvement destin\u00e9 \u00e0 encourager l\u2019\u00e9criture : il donne des cours et si\u00e8ge dans des jurys de concours litt\u00e9raires amateurs.<\/p>\n<p style=\"text-align: justify;\">1940 : Il adh\u00e8re \u00e0 la Nihon bungakusha-kai, \u00ab soci\u00e9t\u00e9 des hommes de lettres japonais \u00bb, proche des milieux militaristes.<\/p>\n<p style=\"text-align: justify;\">1941 : Kawabata se rend \u00e0 deux reprises en Mandchourie, pour le compte d\u2019un journal puis \u00e0 l\u2019invitation des autorit\u00e9s militaires. D\u00e9clenchement de la guerre du Pacifique.<\/p>\n<p style=\"text-align: justify;\">1942 : Il entame la publication du <i>Ma\u00eetre de go<\/i>.<\/p>\n<p style=\"text-align: justify;\">1943-1944 : Kawabata adopte la fille d\u2019un de ses cousins. Il relit la litt\u00e9rature japonaise classique, notamment <i>Le Dit du Genji<\/i>. Il re\u00e7oit le prix Kikuchi Kan.<\/p>\n<p style=\"text-align: justify;\">1945 : Kawabata est envoy\u00e9 dans un camp militaire, en tant que charg\u00e9 d\u2019information pour la marine nationale.<\/p>\n<p style=\"text-align: justify;\">1946 : Dans la revue Ningen, dont il est un des \u00e9diteurs, Kawabata publie un r\u00e9cit du jeune Mishima, avec qui il se lie.<\/p>\n<p style=\"text-align: justify;\">1948 : On le nomme pr\u00e9sident du Pen Club japonais.<\/p>\n<p style=\"text-align: justify;\">1949 : D\u00e9but de la publication de <i>Nu\u00e9e d\u2019oiseaux blancs<\/i>, qui durera jusqu\u2019en 1952, ainsi que du <i>Grondement de la montagne<\/i>, qui s\u2019\u00e9talera sur cinq ans.<\/p>\n<p style=\"text-align: justify;\">1950 : Reprend l\u2019\u00e9criture de feuilletons, abandonn\u00e9e vingt ans plus t\u00f4t, parmi lesquels <i>La Danseuse<\/i> (1950-1951), <i>Le Lac<\/i> (1954-1955) ou <i>Les Gens de T\u00f4ky\u00f4<\/i> (1955).<\/p>\n<p style=\"text-align: justify;\">1952 : <i>Nu\u00e9e d\u2019oiseaux blancs<\/i> et <i>Le Grondement de la montagne<\/i>, en cours de publication, re\u00e7oivent le prix de l\u2019Acad\u00e9mie des arts.<\/p>\n<p style=\"text-align: justify;\">1957 : Kawabata fait un tour du monde afin de collecter des fonds pour la tenue de l\u2019assembl\u00e9e g\u00e9n\u00e9rale du Pen Club international, \u00e0 Tokyo, en septembre. L \u2019ann\u00e9e suivante, il est nomm\u00e9 vice-pr\u00e9sident de cette association.<\/p>\n<p style=\"text-align: justify;\">1960 : D\u00e9but de la publication en feuilleton des <i>Belles Endormies<\/i>. L \u2019auteur est nomm\u00e9 officier des Arts et des Lettres par la France.<\/p>\n<p style=\"text-align: justify;\">1961 : Termine la publication des <i>Belles Endormies<\/i> et commence celle de <i>Ky\u00f4to<\/i> et de <i>Tristesse et beaut\u00e9<\/i>.<\/p>\n<p style=\"text-align: justify;\">1962 : Il est hospitalis\u00e9 suite \u00e0 un abus de somnif\u00e8res.<\/p>\n<p style=\"text-align: justify;\">1964-1965 : Voyage en Europe. Il d\u00e9missionne de son poste de pr\u00e9sident du Pen Club japonais.<\/p>\n<p style=\"text-align: justify;\">1966 : Souffrant d\u2019une h\u00e9patite, il doit \u00eatre hospitalis\u00e9.<\/p>\n<p style=\"text-align: justify;\">1967 : Aux c\u00f4t\u00e9s de Mishima et d\u2019autres \u00e9crivains japonais, Kawabata milite contre la R\u00e9volution culturelle chinoise.<\/p>\n<p style=\"text-align: justify;\">1968 : Prix Nobel. Il donne une s\u00e9rie de conf\u00e9rences \u00e0 Hawa\u00ef et San Francisco.<\/p>\n<p style=\"text-align: justify;\">1970 : Le suicide de son ami Mishima, en novembre, l\u2019affecte grandement.<\/p>\n<p style=\"text-align: justify;\">1971 : Kawabata, qui fait campagne pour un ami briguant le poste de gouverneur de Tokyo et qui organise un Congr\u00e8s international des \u00c9tudes japonaises, souffre de surmenage.<\/p>\n<\/div>\n<div class=\"textecourantjustif\" style=\"text-align: justify;\">1972 : Il est hospitalis\u00e9 en d\u00e9but d\u2019ann\u00e9e pour une appendicite. Le 16 avril 1972, il se suicide au gaz dans sa r\u00e9sidence secondaire, \u00e0 Zushi. Au mois de novembre est cr\u00e9\u00e9e une fondation \u00e0 sa m\u00e9moire.<\/div>\n<div class=\"textecourantjustif\" style=\"text-align: justify;\">\u00a0<\/div>\n<div class=\"textecourantjustif\" style=\"text-align: justify;\">\n<hr \/>\n<p><strong>\u00a0\u00a0\u00a0\u00a0\u00a0\u00a0\u00a0\u00a0\u00a0\u00a0\u00a0\u00a0\u00a0\u00a0\u00a0\u00a0\u00a0\u00a0\u00a0\u00a0\u00a0\u00a0\u00a0\u00a0\u00a0\u00a0\u00a0\u00a0\u00a0\u00a0\u00a0\u00a0\u00a0\u00a0\u00a0\u00a0\u00a0\u00a0\u00a0\u00a0\u00a0\u00a0\u00a0\u00a0\u00a0\u00a0\u00a0\u00a0\u00a0\u00a0\u00a0\u00a0\u00a0\u00a0\u00a0\u00a0\u00a0\u00a0\u00a0\u00a0\u00a0\u00a0\u00a0\u00a0\u00a0\u00a0\u00a0\u00a0\u00a0\u00a0\u00a0\u00a0\u00a0\u00a0\u00a0\u00a0\u00a0\u00a0\u00a0\u00a0\u00a0\u00a0\u00a0\u00a0\u00a0\u00a0<a id=\"biblio\"><\/a> Bibliographie<\/strong><\/p>\n<div class=\"auteurtitre\">\n<p><strong>\u0152uvres de Kawabata<\/strong><\/p>\n<\/div>\n<div class=\"textecourantjustif\">\n<div class=\"textecourantjustif\">\n<p>En japonais<\/p>\n<p><i>Kawabata Yasunari zensh\u00fb<\/i>, 37 vol., Tokyo, Shinch\u00f4sha, 1980-1984.<\/p>\n<p>Traductions<\/p>\n<p><i>Romans et nouvelles<\/i>, \u00e9d. pr\u00e9sent\u00e9e et annot\u00e9e par Bunkichi Fujimori, Paris, Librairie g\u00e9n\u00e9rale fran\u00e7aise, 1997, collection \u00ab La Pochoth\u00e8que \u00bb \u2013 ce volume comprend : <i>Ossements<\/i>, <i>Histoire du visage de la morte<\/i>, <i>La Mer<\/i>, <i>La Danseuse d\u2019Izu<\/i>, <i>Une page folle<\/i>, <i>Le Pourvoyeur de cadavres<\/i>, <i>Les Servantes d\u2019auberge<\/i>, <i>Chronique d\u2019Asakusa<\/i>, <i>Illusions de cristal<\/i>, <i>\u00c9l\u00e9gie<\/i>, <i>Bestiaire<\/i>, <i>Pays de neige<\/i>, <i>Le Ma\u00eetre ou le Tournoi de go<\/i>, <i>Retrouvailles<\/i>, <i>Nu\u00e9e d\u2019oiseaux blancs<\/i>, <i>Le Grondement de la montagne<\/i>, <i>La Lune dans l\u2019eau<\/i>, <i>Le Lac<\/i>, <i>Les Belles Endormies<\/i>, <i>Ky\u00f4to<\/i>, <i>Tristesse et Beaut\u00e9<\/i>.<br \/>\n <i>R\u00e9cits de la paume de la main<\/i>, choix et traduction de Anne Bayard-Sakai et C\u00e9cile Sakai, Paris, Albin Michel, 1999.<br \/>\n <i>L&rsquo;Adolescent<\/i>, recueil comprenant <i>Lettres \u00e0 mes parents<\/i>, <i>L\u2019Adolescent<\/i>, <i>Journal de ma seizi\u00e8me ann\u00e9e<\/i>, <i>Huile<\/i>, <i>Grand-m\u00e8re<\/i>, traduction de Suzanne Rosset, Paris, Albin Michel, 1992.<br \/>\n <i>La Beaut\u00e9, t\u00f4t vou\u00e9e \u00e0 se d\u00e9faire<\/i>, nouvelles, traduction de Liana Rosi, Paris, Albin Michel, 2003.<br \/>\n Mishima Yukio, Kawabata Yasunari, <i>Correspondance : 1945-1970<\/i>, traduction de Dominique Palm\u00e9, Paris, Albin Michel, 2000.<\/p>\n<p><strong>R\u00e9f\u00e9rences<\/strong><\/p>\n<p>Brunet Y\u00fbko, <i>Naissance d\u2019un \u00e9crivain : \u00e9tude sur Kawabata Yasunari<\/i>, Paris, L \u2019Asiath\u00e8que, 1982.<br \/>\n \u00c9tiemble, Ren\u00e9, Origas, Jean-Jacques, <i>Deux \u00ab lectures \u00bb de Ky\u00f4to de Kawabata<\/i>, Paris, Centre de documentation universitaire, 1972.<br \/>\n Fujimori Bunkichi, \u00ab Kawabata Yasunari, sa vie et ses \u0153uvres \u00bb in <i>Japon (Encyclop\u00e9die permanente)<\/i>, Paris, Presses orientalistes de France, 1979-1980.<br \/>\n Gessel C. Van, <i>Three Modern Novelists : S\u00f4seki, Tanizaki, Kawabata<\/i>, Tokyo, K\u00f4dansha, 1993.<br \/>\n Petersen Gwenn Boardman, <i>The Moon in the water : understanding Tanizaki, Kawabata and Mishima<\/i>, Honolulu, University Press of Hawaii, 1979.<br \/>\n Starrs Roy, <i>Sounding in Time \u2013 The fictive Art of Kawabata Yasunari<\/i>, Surrey, Japan Library, 1998.<br \/>\n Sakai C\u00e9cile, <i>Kawabata, le clair-obscur<\/i>, Paris, Presses universitaires de France, 2001.<\/p>\n<p><strong>Liens<\/strong><\/p>\n<div class=\"liens\">\n<p><a href=\"http:\/\/nobelprize.org\/nobel_prizes\/literature\/laureates\/1968\/index.html\">La page consacr\u00e9e \u00e0 Kawabata sur le site de la Fondation Nobel: film, biographie, bibliographie, discours de r\u00e9ception du Prix Nobel.<\/a><\/p>\n<p><a href=\"http:\/\/www.plathey.net\/livres\/japon\/kawabata.html\">Pr\u00e9sentation d\u2019\u0153uvres de Kawabata traduites en fran\u00e7ais, accompagn\u00e9e de commentaires stylistique.<\/a><\/p>\n<\/div>\n<\/div>\n<\/div>\n<\/div>\n<div class=\"textecourantjustif\" style=\"text-align: justify;\">\u00a0<\/div>\n","protected":false},"excerpt":{"rendered":"<p>Yasunari Kawabata aux \u00e9ditions Sillage : Nu\u00e9e d&rsquo;oiseaux blancs 1899 : Le 14 juin, naissance \u00e0 Osaka de Yasunari Kawabata. Il est le fils d\u2019un m\u00e9decin lettr\u00e9. 1901 : En janvier, son p\u00e8re meurt de la tuberculose. Souffrant de la m\u00eame affection, sa m\u00e8re meurt l\u2019ann\u00e9e suivante. L\u2019enfant est \u00e9lev\u00e9 par ses grands-parents paternels et [&hellip;]<\/p>\n","protected":false},"author":1,"featured_media":0,"parent":0,"menu_order":0,"comment_status":"closed","ping_status":"closed","template":"","meta":{"footnotes":""},"class_list":["post-781","page","type-page","status-publish","hentry"],"_links":{"self":[{"href":"https:\/\/editions-sillage.fr\/index.php?rest_route=\/wp\/v2\/pages\/781","targetHints":{"allow":["GET"]}}],"collection":[{"href":"https:\/\/editions-sillage.fr\/index.php?rest_route=\/wp\/v2\/pages"}],"about":[{"href":"https:\/\/editions-sillage.fr\/index.php?rest_route=\/wp\/v2\/types\/page"}],"author":[{"embeddable":true,"href":"https:\/\/editions-sillage.fr\/index.php?rest_route=\/wp\/v2\/users\/1"}],"replies":[{"embeddable":true,"href":"https:\/\/editions-sillage.fr\/index.php?rest_route=%2Fwp%2Fv2%2Fcomments&post=781"}],"version-history":[{"count":5,"href":"https:\/\/editions-sillage.fr\/index.php?rest_route=\/wp\/v2\/pages\/781\/revisions"}],"predecessor-version":[{"id":1871,"href":"https:\/\/editions-sillage.fr\/index.php?rest_route=\/wp\/v2\/pages\/781\/revisions\/1871"}],"wp:attachment":[{"href":"https:\/\/editions-sillage.fr\/index.php?rest_route=%2Fwp%2Fv2%2Fmedia&parent=781"}],"curies":[{"name":"wp","href":"https:\/\/api.w.org\/{rel}","templated":true}]}}