{"id":778,"date":"2016-08-18T16:20:19","date_gmt":"2016-08-18T14:20:19","guid":{"rendered":"http:\/\/editions-sillage.fr\/?page_id=778"},"modified":"2017-07-20T18:38:49","modified_gmt":"2017-07-20T16:38:49","slug":"vicente-blasco-ibanez","status":"publish","type":"page","link":"https:\/\/editions-sillage.fr\/?page_id=778","title":{"rendered":"Vicente Blasco Ib\u00e1\u00f1ez"},"content":{"rendered":"<blockquote>\n<p style=\"text-align: justify;\">Vicente Blasco Ib\u00e1\u00f1ez aux \u00e9ditions Sillage :<\/p>\n<ul>\n<li style=\"text-align: justify;\"><em><a href=\"http:\/\/editions-sillage.fr\/?p=578\">Ar\u00e8nes sanglantes<\/a><\/em><\/li>\n<\/ul>\n<\/blockquote>\n<p style=\"text-align: justify;\"><img loading=\"lazy\" decoding=\"async\" class=\"alignright size-full wp-image-779\" src=\"http:\/\/editions-sillage.fr\/wp-content\/uploads\/2016\/08\/blasco-1.jpg\" alt=\"blasco\" width=\"154\" height=\"205\" srcset=\"https:\/\/editions-sillage.fr\/wp-content\/uploads\/2016\/08\/blasco-1.jpg 154w, https:\/\/editions-sillage.fr\/wp-content\/uploads\/2016\/08\/blasco-1-113x150.jpg 113w\" sizes=\"auto, (max-width: 154px) 100vw, 154px\" \/>1867\u00a0: Le 29 janvier, naissance \u00e0 Valence de Vicente Blasco Ib\u00e1\u00f1ez. Il grandit dans une famille bourgeoise. Son p\u00e8re est commer\u00e7ant.<\/p>\n<p style=\"text-align: justify;\">1882\u00a0: Entr\u00e9e \u00e0 la facult\u00e9 de droit de Valence. Blasco Ib\u00e1\u00f1ez publie un premier texte dans une revue locale. L\u2019ann\u00e9e suivante il fugue \u00e0 Madrid mais est rattrap\u00e9 quelques jours plus tard.<\/p>\n<p style=\"text-align: justify;\">1887\u00a0: Fondation du journal f\u00e9d\u00e9raliste <i>La Revoluci\u00f3n<\/i>, dont Blasco Ib\u00e1\u00f1ez est le directeur. Il publie son premier livre, <i>Fantas\u00edas<\/i>.<\/p>\n<p style=\"text-align: justify;\">1888\u00a0: Il obtient sa licence de droit.<\/p>\n<p style=\"text-align: justify;\">1889\u00a0: Fondation de l\u2019hebdomadaire r\u00e9publicain <i>La Bandera Federal<\/i>, dont Blasco Ib\u00e1\u00f1ez est nomm\u00e9 directeur.<\/p>\n<p style=\"text-align: justify;\">1890\u00a0: Blasco Ib\u00e1\u00f1ez est contraint \u00e0 l\u2019exil apr\u00e8s une manifestation organis\u00e9e contre C\u00e1novas del Castillo, pr\u00e9sident du gouvernement de l\u2019\u00e9poque. Il arrive \u00e0 Paris en juillet. Il y fait la connaissance des principaux repr\u00e9sentants du naturalisme. Entame la publication d\u2019une <i>Historia de la Revoluci\u00f3n espa\u00f1ola<\/i>, dont le dernier volume para\u00eet en 1892.<\/p>\n<p style=\"text-align: justify;\">1891\u00a0: Amnisti\u00e9, il revient en Espagne, o\u00f9 il \u00e9pouse Mar\u00eda Blasco del Cacho.<\/p>\n<p style=\"text-align: justify;\">1892\u00a0: Publication de son roman <i>La Ara\u00f1a negra<\/i>. L\u2019auteur d\u00e9ploie une grande activit\u00e9 politique au sein du parti f\u00e9d\u00e9ral.<\/p>\n<p style=\"text-align: justify;\">1893\u00a0: Publication de <i>Par\u00eds<\/i>, recueil d\u2019articles \u00e9crits en exil, et du roman <i>Viva la Rep\u00fablica\u00a0!<\/i> (<i>Vive la R\u00e9publique\u00a0!<\/i>). Ses activit\u00e9s politiques lui valent d\u2019\u00eatre emprisonn\u00e9. Naissance de son fils Mario.<\/p>\n<p style=\"text-align: justify;\">1894\u00a0: \u00c0 la suite d\u2019une manifestation, nouvelle incarc\u00e9ration. Le 12 novembre para\u00eet le premier num\u00e9ro du journal <i>El Pueblo<\/i>, qu\u2019il dirige et qui lui permet d\u2019exposer ses th\u00e9ories politiques, fondant ainsi le courant dit \u00ab\u00a0blasquiste\u00a0\u00bb. Les ann\u00e9es suivantes voient la publication de plusieurs romans r\u00e9gionaux, inspir\u00e9s par le naturalisme d\u2019un Zola et accordant une grande place \u00e0 l\u2019analyse sociale\u00a0: <i>Arroz y Tartana<\/i> (1894)\u00a0; <i>Flor de mayo<\/i> (<i>Fleur de mai<\/i>) (1895)\u00a0; <i>La Barraca<\/i> (<i>Terres maudites<\/i>) (1899)\u00a0; <i>Entre naranjos<\/i> (<i>Dans les orangers<\/i>) (1900)\u00a0; <i>Sonnica la cortesana<\/i> (<i>Sonnica la courtisane<\/i>) (1901)\u00a0; <i>Ca\u00f1as y Barro<\/i> (<i>Boue et roseaux<\/i>) (1902).<\/p>\n<p style=\"text-align: justify;\">1895\u00a0: Naissance de sa fille <i>Libertad<\/i>. Nouveau s\u00e9jour en prison suite \u00e0 la publication d\u2019un article hostile \u00e0 la monarchie.<\/p>\n<p style=\"text-align: justify;\">1896\u00a0: Naissance de son deuxi\u00e8me fils, Julio C\u00e9sar. Publication des <i>Cuentos valencianos<\/i>. \u00c0 la suite d\u2019une violente campagne contre la guerre de Cuba, Blasco Ib\u00e1\u00f1ez est contraint de fuir en Italie. De retour en Espagne, il se voit condamn\u00e9 \u00e0 deux ans de prison.<\/p>\n<p style=\"text-align: justify;\">1897\u00a0: Sa peine de prison \u00e9tant commu\u00e9e en un bannissement de Valence, l\u2019auteur gagne Madrid. Amnisti\u00e9 en septembre, il revient dans sa ville natale.<\/p>\n<p style=\"text-align: justify;\">1898\u00a0: Blasco Ib\u00e1\u00f1ez est \u00e9lu d\u00e9put\u00e9 de Valence. Il publie le premier tome de sa traduction de l\u2019<i>Histoire de la R\u00e9volution fran\u00e7aise <\/i>de Michelet \u2013 le troisi\u00e8me et dernier para\u00eetra en 1900.<\/p>\n<p style=\"text-align: justify;\">1900\u00a0: Son roman <i>Entre naranjos<\/i> (<i>Dans les orangers<\/i>) obtient un grand succ\u00e8s.<\/p>\n<p style=\"text-align: justify;\">1901\u00a0: Blasco Ib\u00e1\u00f1ez est nomm\u00e9 chef du parti <i>Fusi\u00f3n Republicana<\/i>.<\/p>\n<p style=\"text-align: justify;\">1902\u00a0: En avril, l\u2019auteur rend visite \u00e0 \u00c9mile Zola. Naissance de son troisi\u00e8me enfant, Sigfrido.<\/p>\n<p style=\"text-align: justify;\">1903\u00a0: Blasco Ib\u00e1\u00f1ez lance en janvier une universit\u00e9 populaire. Il rompt avec son grand ami Rodrigo Soriano, co-directeur d\u2019<i>El Pueblo<\/i>. Il \u00e9chappe miraculeusement \u00e0 la mort lors d\u2019un duel contre un policier\u00a0: la balle est arr\u00eat\u00e9e par sa boucle de ceinture. Il publie le roman <i>La Catedral<\/i> (<i>Dans l\u2019ombre de la cath\u00e9drale<\/i>) suivi d\u2019<i>El Intruso <\/i>(<i>L\u2019Intrus<\/i>, 1904), de <i>La Bodega<\/i> (<i>La Cit\u00e9 des futailles<\/i>, 1905) et de <i>La Horda<\/i> (<i>La Horde<\/i>, 1905). Ces quatre romans se d\u00e9roulent dans les milieux anarchistes et prol\u00e9taires, et marquent un passage du roman r\u00e9gionaliste \u00e0 un roman social de port\u00e9e nationale.<\/p>\n<p style=\"text-align: justify;\">1906\u00a0: Blasco Ib\u00e1\u00f1ez renonce \u00e0 son si\u00e8ge de d\u00e9put\u00e9 et \u00e0 l\u2019activisme politique. Il re\u00e7oit le titre de \u00ab\u00a0fils adoptif de la ville de Valence\u00a0\u00bb.<\/p>\n<p style=\"text-align: justify;\">1907\u00a0: En janvier, publication de <i>La Voluntad de vivir<\/i>, qu\u2019il fait d\u00e9truire un mois plus tard.<\/p>\n<p style=\"text-align: justify;\">1908\u00a0: <i>Sangre y Arena<\/i> (<i>Ar\u00e8nes sanglantes<\/i>).<\/p>\n<p style=\"text-align: justify;\">1909\u00a0: <i>Los muertos mandan<\/i> (<i>Les morts commandent<\/i>). En mai, d\u00e9part pour l\u2019Argentine, o\u00f9 il doit donner une s\u00e9rie de conf\u00e9rences. Il re\u00e7oit un accueil triomphal \u00e0 Buenos Aires, revient en Espagne l\u2019ann\u00e9e suivante et repart en ao\u00fbt 1910 pour l\u2019Argentine, o\u00f9 il ach\u00e8te un domaine pr\u00e8s de Corrientes.<\/p>\n<p style=\"text-align: justify;\">1911\u00a0: Voyage \u00e0 Madrid pour le mariage de sa fille, puis retour en Argentine, o\u00f9 le rejoint son a\u00een\u00e9, Mario.<\/p>\n<p style=\"text-align: justify;\">1912\u00a0: Voyage \u00e0 Paris. Quatri\u00e8me et dernier voyage en Argentine. Blasco Ib\u00e1\u00f1ez s\u2019absorbe dans la gestion de son domaine.<\/p>\n<p style=\"text-align: justify;\">1914\u00a0: L\u2019exp\u00e9rience argentine se solde par un \u00e9chec, menant Blasco Ib\u00e1\u00f1ez au bord de la ruine. Prenant fait et cause pour les Alli\u00e9s d\u00e8s le d\u00e9but de la Grande Guerre, il se rend \u00e0 Paris, o\u00f9 il r\u00e9dige des chroniques. Avec la publication de <i>Los Argonautas<\/i>, il se d\u00e9tache des premiers th\u00e8mes de son \u0153uvre, jusqu\u2019alors tr\u00e8s centr\u00e9e sur l\u2019Espagne, pour privil\u00e9gier une vision plus ample. La guerre lui fournira la mati\u00e8re d\u2019une trilogie\u00a0: <i>Los Cuatro Jinetes del Apocalipsis<\/i> (<i>Les Quatre cavaliers de l\u2019Apocalypse<\/i>) en 1916\u00a0; <i>Mare Nostrum<\/i> (<i>Mare Nostrum<\/i>) en 1918\u00a0; <i>Los Enemigos de la mujer<\/i> (<i>Les Ennemis de la femme<\/i>) en 1919.<\/p>\n<p style=\"text-align: justify;\">1916\u00a0: Attir\u00e9 par le cin\u00e9ma, l\u2019auteur tourne une premi\u00e8re version de <i>Sangre y Arena<\/i> (<i>Ar\u00e8nes sanglantes<\/i>), qui est un succ\u00e8s.<\/p>\n<p style=\"text-align: justify;\">1919\u00a0: En octobre, il part donner une s\u00e9rie de conf\u00e9rences aux \u00c9tats-Unis. Il est d\u00e9sormais un romancier tr\u00e8s appr\u00e9ci\u00e9 en Europe et aux \u00c9tats-Unis\u00a0: il re\u00e7oit un accueil triomphal \u00e0 New York, est courtis\u00e9 par la presse am\u00e9ricaine et par Hollywood, et l\u2019universit\u00e9 de Washington le nomme docteur <i>honoris causa<\/i>.<\/p>\n<p style=\"text-align: justify;\">1920\u00a0: Mort de son fils Julio C\u00e9sar. En avril, Blasco Ib\u00e1\u00f1ez quitte les \u00c9tats-Unis et gagne Mexico puis Cuba.<\/p>\n<p style=\"text-align: justify;\">1921\u00a0: Retour en Espagne. La ville de Valence lui consacre une semaine d\u2019hommage. Tournage du film tir\u00e9 de <i>Los Cuatro Jinetes del Apocalipsis<\/i> (<i>Les Quatre cavaliers de l\u2019Apocalypse<\/i>).<\/p>\n<p style=\"text-align: justify;\">1922\u00a0: Publication de <i>La Tierra de todos<\/i> (<i>La Tentatrice<\/i>).<\/p>\n<p style=\"text-align: justify;\">1923\u00a0: En octobre, il entreprend un tour du monde en six mois. L\u2019ann\u00e9e suivante, il publie les <i>Novelas de la Costa Azul<\/i> et deux des trois tomes de <i>La Vuelta al mundo de un novelista<\/i> (<i>Voyage d\u2019un romancier autour du monde<\/i>)\u00a0; le troisi\u00e8me para\u00eetra l\u2019ann\u00e9e suivante.<\/p>\n<p style=\"text-align: justify;\">1925\u00a0: Mort de sa femme. Blasco Ib\u00e1\u00f1ez \u00e9pouse Elena Ort\u00fazar. Son hostilit\u00e9 \u00e0 Primo de Rivera le contraignant \u00e0 l\u2019exil, il s\u2019installe \u00e0 Menton dans une luxueuse villa. Apr\u00e8s la publication de <i>Una naci\u00f3n secuestrada<\/i>, la ville de Valence d\u00e9baptise une place qui lui avait \u00e9t\u00e9 d\u00e9di\u00e9e et engage des poursuites contre sa famille.<\/p>\n<p style=\"text-align: justify;\">1928\u00a0: Le 28 janvier, Blasco Ib\u00e1\u00f1ez meurt dans sa villa de Menton. L\u2019ann\u00e9e suivante paraissent ses deux derniers romans, <i>El caballero de la Virgen<\/i> (<i>Le Chevalier de la Vierge<\/i>) et <i>En busca del Gran Kan<\/i> (<i>La Merveilleuse Aventure de Christophe Colomb\u00a0: \u00e0 la recherche du grand Khan<\/i>). Conform\u00e9ment \u00e0 sa volont\u00e9, sa d\u00e9pouille reviendra \u00e0 Valence en 1933, apr\u00e8s la proclamation de la R\u00e9publique. \u00c0 l\u2019av\u00e8nement du franquisme, ses livres seront interdits, ses biens saisis et sa famille pers\u00e9cut\u00e9e.<\/p>\n<hr \/>\n<h3 style=\"text-align: center;\"><a id=\"biblio\"><\/a>Bibliographie<\/h3>\n<div class=\"textecourantjustif\">\n<div class=\"textecourantjustif\">\n<p style=\"text-align: justify;\"><i>Sangre y arena<\/i> fut publi\u00e9 en 1908, \u00e0 Valence, chez F.\u00a0Sempere y Compa\u00f1\u00eda. La pr\u00e9sente traduction parut \u00e0 Paris sous le titre <i>Ar\u00e8nes sanglantes<\/i>, chez Calmann L\u00e9vy, en 1910.<\/p>\n<p style=\"text-align: justify;\">Le livre connut plusieurs adaptations cin\u00e9matographiques\u00a0: la premi\u00e8re, tourn\u00e9e en Espagne en 1916, est due \u00e0 Blasco Ib\u00e1\u00f1ez lui-m\u00eame et \u00e0 Ricardo de Ba\u00f1os. Les trois suivantes sont am\u00e9ricaines et furent r\u00e9alis\u00e9es en 1922, 1941 et 1989\u00a0:<\/p>\n<p style=\"text-align: justify;\"><i>Sangre y arena<\/i>, 65 min, r\u00e9al. Vicente Blasco Ib\u00e1\u00f1ez et Ricardo de Ba\u00f1os, 1916, Espagne, avec P.\u00a0Alcaide, Mark Andrews, Matilde Domenech et Jos\u00e9 Portes.<br \/>\n <i>Blood and sand<\/i> (en fran\u00e7ais <i>Ar\u00e8nes sanglantes<\/i>), 80 min, r\u00e9al. Fred Niblo, 1922, \u00c9tats-Unis, avec Rudolf Valentino, Lila Lee, Nita Naldi, Walter Long.<br \/>\n <i>Blood and sand<\/i> (en fran\u00e7ais <i>Ar\u00e8nes sanglantes<\/i>), 125 min, r\u00e9al. Rouben Mamoulian, 1941, \u00c9tats-Unis, avec Tyrone Power, Linda Darnell, Rita Hayworth, Anthony Quinn.<br \/>\n <i>Blood and sand<\/i> (en fran\u00e7ais <i>L\u2019Indompt\u00e9e<\/i>), 113 min, r\u00e9al. Javier Elorrieta, 1989, Espagne \/ \u00c9tats-Unis, avec Christopher Rydell, Sharon Stone, Ana Torrent.<\/p>\n<\/div>\n<\/div>\n<div class=\"auteurtitre\" style=\"text-align: justify;\">\n<p><strong>\u0152uvres de Vicente Blasco Ib\u00e1\u00f1ez<\/strong><\/p>\n<p><i>En espagnol<\/i><\/p>\n<\/div>\n<div class=\"textecourantjustif\" style=\"text-align: justify;\">\n<p><i>Obras completas<\/i>, huiti\u00e8me \u00e9dition, Madrid, Aguilar, 1977-1978, 6 vol.<\/p>\n<\/div>\n<div class=\"auteurtitre\" style=\"text-align: justify;\">\n<p><i>Traductions<\/i><\/p>\n<\/div>\n<div class=\"textecourantjustif\" style=\"text-align: justify;\">\n<div class=\"textecourantjustif\">\n<p><i>Alphonse XIII d\u00e9masqu\u00e9, la terreur militariste en Espagne<\/i>, trad. J. Louvre, Paris, Flammarion, 1924.<br \/>\n <i>Aux pieds de V\u00e9nus<\/i> (<i>les Borgia<\/i>), trad. M. Carayon, Paris, Flammarion, 1927.<br \/>\n <i>Bluff<\/i>, trad. R. Lafont, Paris, Calmann L\u00e9vy, 1935.<br \/>\n <i>Boue et roseaux<\/i>, trad. M. Bixio, Paris, Hachette, 1905\u00a0; nouvelle traduction par Y.\u00a0Le\u00a0Chevalier, Toulouse, Ombres, 2000.<br \/>\n <i>Ce que sera la R\u00e9publique espagnole<\/i>, trad. R. Lafont, Paris, Flammarion, 1925.<br \/>\n <i>Le Chevalier de la Vierge<\/i>, trad. R. Lafont, Paris, Flammarion, 1934.<br \/>\n <i>Le Comte de Baselga<\/i>, trad. E.-H. Clouard, Paris, Andr\u00e9 Guilmain, 1930.<br \/>\n <i>Contes espagnols d\u2019amour et de mort<\/i>, trad. F. M\u00e9n\u00e9trier, Paris, Flammarion, 1922.<br \/>\n <i>La Cit\u00e9 des futailles<\/i>, trad. R. Lafont, Paris, Flammarion, 1923.<br \/>\n <i>Dans les orangers<\/i>, trad. F. M\u00e9n\u00e9trier, Paris, J. Gillequin, 1911.<br \/>\n <i>Dans l\u2019ombre de la cath\u00e9drale<\/i>, trad. G. H\u00e9relle, Paris, Calmann L\u00e9vy, 1907.<br \/>\n <i>Dimoni et autres nouvelles<\/i>, trad. B. de Leonardis, Les Pavillons-sous-Bois, Ressouvenances, 1986.<br \/>\n <i>Les Ennemis de la femme<\/i>, trad. A. de Bengoechea, Paris, Calmann L\u00e9vy, 1921.<br \/>\n <i>La Femme nue de Goya<\/i>, trad. A. de Bengoechea, Paris, Calmann L\u00e9vy, 1923.<br \/>\n <i>Fleur de mai<\/i>, trad. G. H\u00e9relle, Paris, Calmann L\u00e9vy, 1905.<br \/>\n <i>La Horde<\/i>, trad. G. H\u00e9relle, Paris, Calmann L\u00e9vy, 1912.<br \/>\n <i>L\u2019Intrus<\/i>, trad. R. Lafont, Paris, Fasquelle, 1912.<br \/>\n <i>Les morts commandent<\/i>, trad. B. Delannay, Paris, Flammarion, 1922.<br \/>\n <i>Luna Benamor<\/i>, suivi de <i>Les Plumes de Cabour\u00e9<\/i>, trad. R. Lafont, Paris, Athena, 1922.<br \/>\n <i>Mare nostrum<\/i>, trad. M. Thi\u00e9baut, Paris, Calmann L\u00e9vy, 1924.<br \/>\n <i>La Merveilleuse Aventure de Christophe Colomb\u00a0: \u00e0 la recherche du grand Khan<\/i>, trad. R. Lafont, Paris, Flammarion, 1931.<br \/>\n <i>Le Pape de la mer<\/i>, trad. M. Thi\u00e9baut, Paris, Flammarion, 1927.<br \/>\n <i>Les Quatre Cavaliers de l\u2019Apocalypse<\/i>, trad. G. H\u00e9relle, Paris, Calmann L\u00e9vy, 1917.<br \/>\n <i>Les Quatre Fils d\u2019\u00c8ve<\/i>, trad. R. Lafont, Paris, Flammarion, 1925.<br \/>\n <i>La Reine Calafia<\/i>, trad. C. A. Pelecier, Paris, Flammarion, 1927.<br \/>\n <i>La R\u00e9volution mexicaine et la dictature militaire<\/i>, trad. L. Fonges, Paris, Vuibert, 1923.<br \/>\n <i>Sonnica la courtisane<\/i>, trad. J. Carayon, Paris, Flammarion, 1926.<br \/>\n <i>Sous la pluie blanche des orangers<\/i>, trad. R. Lafont, Paris, Flammarion, 1929.<br \/>\n <i>Tandis que le soleil se couche<\/i>, trad. J. Carayon, Paris, Flammarion, 1926.<br \/>\n <i>La Tentatrice<\/i>, trad. J. Carayon, Paris, Calmann L\u00e9vy, 1923.<br \/>\n <i>Terres maudites<\/i>, trad. G. H\u00e9relle, Paris, Calmann L\u00e9vy, 1902\u00a0; r\u00e9\u00e9dition Paris, L\u2019Harmattan, 2004.<br \/>\n <i>La Trag\u00e9die sur le lac<\/i>, trad. R. Lafont, Paris, Flammarion, 1921.<br \/>\n <i>Vive la R\u00e9publique\u00a0!<\/i>, Paris, Andr\u00e9 Guilmain, 1930 (contient quatre volumes\u00a0: <i>Dans le crat\u00e8re du volcan<\/i>, trad. G. Pillement, <i>La Belle Li\u00e9geoise<\/i>, trad. H. Clouard, <i>L\u2019Explosion<\/i> et <i>Guerre sans quartier<\/i>, trad. G. Pillement).<br \/>\n <i>Voyage d\u2019un romancier autour du monde<\/i>, trad. R. Lafont, Paris, Flammarion, 1928, 2 vol.<\/p>\n<p>Plusieurs nouvelles de Vicente Blasco Ib\u00e1\u00f1ez ont paru en revue\u00a0:<br \/>\n \u00ab\u00a0Le Baiser\u00a0\u00bb, trad. R. Lafont, in <i>Candide<\/i>, Paris, 10 mai 1928.<br \/>\n \u00ab\u00a0Le Bourreau\u00a0\u00bb, trad. R. Lafont, in <i>Candide<\/i>, Paris, 2 novembre 1933.<br \/>\n \u00ab\u00a0Le Charivari\u00a0\u00bb, trad. R. Lafont, in <i>Candide<\/i>, Paris, 31 ao\u00fbt 1933.<br \/>\n \u00ab\u00a0Le Com\u00e9dien Fons\u00e9ca\u00a0\u00bb, trad. J. Carayon, in <i>Revue de Paris<\/i>, Paris, 1er octobre 1923.<br \/>\n \u00ab\u00a0Compassion\u00a0\u00bb, trad. R. Lafont, in <i>Candide<\/i>, Paris, 6 novembre 1932.<br \/>\n \u00ab\u00a0Les Contrebandiers\u00a0\u00bb, trad. R. Lafont, in <i>Candide<\/i>, Paris, 29 mars 1934.<br \/>\n \u00ab\u00a0Les \u201cCostauds\u201d de Valence\u00a0\u00bb, trad. R. Lafont, in <i>Candide<\/i>, Paris, 17 janvier 1929.<br \/>\n \u00ab\u00a0La D\u00e9voratrice\u00a0\u00bb, trad. J. Cassou, in <i>Les \u0152uvres libres<\/i>, n\u00b076, Paris, Fayard, octobre 1927.<br \/>\n \u00ab\u00a0L\u2019Employ\u00e9 de wagon-lit\u00a0\u00bb, trad. R. Lafont, in <i>Candide<\/i>, Paris, 15 mars 1928.<br \/>\n \u00ab\u00a0L\u2019\u00c9veil du Bouddha\u00a0\u00bb, trad. R. Lafont, in <i>Les \u0152uvres libres<\/i>, n\u00b088, Paris, octobre 1928.<br \/>\n \u00ab\u00a0La Famille du docteur Pedraza\u00a0\u00bb, trad. J. et M. Carayon, in <i>Les \u0152uvres libres<\/i>, n\u00b024, Paris, juin 1923.<br \/>\n \u00ab\u00a0La Folle du logis\u00a0\u00bb, trad. R. Lafont, in <i>Candide<\/i>, Paris, 9 f\u00e9vrier 1933.<br \/>\n \u00ab\u00a0Loups de mer\u00a0\u00bb, trad. R. Lafont, in <i>Candide<\/i>, Paris, 27 mars 1930.<br \/>\n \u00ab\u00a0Lucha ou les Amants espagnols\u00a0\u00bb, trad. J. Goetz, in <i>Les \u0152uvres libres<\/i>, n\u00b0134, Paris, Fayard, 1957.<br \/>\n \u00ab\u00a0Le Luxe\u00a0\u00bb, trad. R. Lafont, in <i>Candide<\/i>, Paris, 7 ao\u00fbt 1930.<br \/>\n \u00ab\u00a0Le Miracle de San Antonio\u00a0\u00bb, trad. R. Lafont, in <i>Candide<\/i>, Paris, 25 novembre 1928.<br \/>\n \u00ab\u00a0Nuit de noces\u00a0\u00bb, trad. R. Lafont, in <i>Les \u0152uvres libres<\/i>, n\u00b0102, Paris, d\u00e9cembre 1929.<br \/>\n \u00ab\u00a0Pilin\u00a0\u00bb, trad. R. Lafont, in <i>Candide<\/i>, Paris, 19 septembre 1929.<br \/>\n \u00ab\u00a0Le Pr\u00eat de la morte\u00a0\u00bb, sans mention de traducteur, in <i>Les \u0152uvres libres<\/i>, n\u00b06, Paris, 1921.<br \/>\n \u00ab\u00a0Le Roi des prairies\u00a0\u00bb, trad. F. M\u00e9n\u00e9trier, in <i>Les \u0152uvres libres<\/i>, n\u00b024, Paris, juin 1923.<br \/>\n \u00ab\u00a0Le Roi Lear imprimeur\u00a0\u00bb, trad. J. Cassou, in <i>Les \u0152uvres libres<\/i>, n\u00b062, Paris, 1926.<br \/>\n \u00ab\u00a0Vengeance mauresque\u00a0\u00bb, trad. R. Lafont, in <i>Candide<\/i>, Paris, 5 octobre 1933.<br \/>\n \u00ab\u00a0La Vieille du cin\u00e9ma\u00a0\u00bb, trad. F. M\u00e9n\u00e9trier, in <i>Les \u0152uvres libres<\/i>, n\u00b019, Paris, janvier 1923.<br \/>\n \u00ab\u00a0Les Vierges folles\u00a0\u00bb, trad. R. Lafont, in <i>Candide<\/i>, Paris, 19 juillet 1928.<br \/>\n \u00ab\u00a0Le Vieux de la Promenade des Anglais\u00a0\u00bb, trad. J. Carayon, in <i>Les \u0152uvres libres<\/i>, n\u00b041, Paris, novembre 1924.<\/p>\n<\/div>\n<\/div>\n<div class=\"auteurtitre\" style=\"text-align: justify;\">\n<p><strong>Ouvrages critiques<\/strong><\/p>\n<\/div>\n<div class=\"textecourantjustif\">\n<div class=\"textecourantjustif\" style=\"text-align: justify;\">\n<p style=\"text-align: justify;\">Anderson, Christopher, Smith, Paul, <i>Vicente Blasco Ib\u00e1\u00f1ez\u00a0: an annotated bibliography<\/i>, 1975-2002, Newark, Juan de la Cuesta, 2005.<br \/>\n Day, Arthur Grove, Knowlton Edgard, <i>Vicente Blasco Ib\u00e1\u00f1ez<\/i>, New York, Twayne Publishers, 1972.<br \/>\n Espin\u00f3s Quero, Antoni, <i>La Obra literaria de Vicente Blasco Ib\u00e1\u00f1ez\u00a0: cat\u00e1logo de ediciones<\/i>, Valencia, Diputaci\u00f3n de Valencia, 1998.<br \/>\n Lacouture Maryline, <i>Eug\u00e8ne Sue et Vicente Blasco Iba\u00f1ez\u00a0: deux hommes, deux \u0153uvres (<\/i>Le Juif errant<i> et <\/i>La Ara\u00f1a negra<i>), deux expressions de l\u2019anticl\u00e9ricalisme et d\u2019une pens\u00e9e r\u00e9publicaine au XIXe si\u00e8cle en France et en Espagne<\/i>, th\u00e8se de doctorat, Centre d\u2019\u00c9tudes ib\u00e9riques, Toulouse 2, 1987.<br \/>\n Le\u00f3n Roca, Jos\u00e9 Lu\u00eds, <i>Vicente Blasco Ib\u00e1\u00f1ez<\/i>, Valencia, Prometeo, 1967.<br \/>\n Llombart, Felipe Gar\u00edn, Tom\u00e1s Facundo (ed.), <i>En el pa\u00eds del arte. Primer encuentro internacional Vicente Blasco Ib\u00e1\u00f1ez<\/i>, Valencia, Biblioteca Valenciana, 2000.<br \/>\n Lluch Javier, Oleza Joan (ed.), <i>Vicente Blasco Ib\u00e1\u00f1ez, 1898-1998\u00a0: la vuelta al siglo de un novelista\u00a0: actas del congreso internacional celebrado en Valencia del 23 al 27 de noviembre de 1998<\/i>, Valencia, Biblioteca Valenciana, 2000, 2. vol.<br \/>\n Mira, Joan F., <i>La Prodigiosa Historia de Vicente Blasco Ib\u00e1\u00f1ez<\/i>, Alzira, Algar, 2004.<br \/>\n Smith, Paul C., <i>Vicente Blasco Ib\u00e1\u00f1ez\u00a0: an annotated bibliography<\/i>, London, Grant and Cutler, 1976.<\/p>\n<\/div>\n<p style=\"text-align: justify;\"><strong>Liens<\/strong><\/p>\n<p style=\"text-align: justify;\"><a href=\"http:\/\/www.blascoibanez.es\/\" target=\"_blank\" rel=\"noopener\">http:\/\/www.blascoibanez.es\/<\/a>: le site du Centro de estudios Blasco Ib\u00e1\u00f1ez.<br \/>\n <a href=\"http:\/\/www.archive.org\/details\/blood_and_sand_digest\" target=\"_blank\" rel=\"noopener\"><i>Blood and sand<\/i><\/a>\u00a0: Le film de Fred Niblo, sorti 1922, avec Rudolph Valentino\u2026 et sa parodie, <i><a href=\"http:\/\/www.oldcinemovies.fr\/mud_and_sand__1922__571.htm\" target=\"_blank\" rel=\"noopener\">Mud and sand<\/a><\/i>, sortie la m\u00eame ann\u00e9e, avec Stan Laurel.<\/p>\n<div class=\"textecourantjustif\">\u00a0<\/div>\n<\/div>\n","protected":false},"excerpt":{"rendered":"<p>Vicente Blasco Ib\u00e1\u00f1ez aux \u00e9ditions Sillage : Ar\u00e8nes sanglantes 1867\u00a0: Le 29 janvier, naissance \u00e0 Valence de Vicente Blasco Ib\u00e1\u00f1ez. Il grandit dans une famille bourgeoise. Son p\u00e8re est commer\u00e7ant. 1882\u00a0: Entr\u00e9e \u00e0 la facult\u00e9 de droit de Valence. Blasco Ib\u00e1\u00f1ez publie un premier texte dans une revue locale. L\u2019ann\u00e9e suivante il fugue \u00e0 Madrid [&hellip;]<\/p>\n","protected":false},"author":1,"featured_media":0,"parent":0,"menu_order":0,"comment_status":"closed","ping_status":"closed","template":"","meta":{"footnotes":""},"class_list":["post-778","page","type-page","status-publish","hentry"],"_links":{"self":[{"href":"https:\/\/editions-sillage.fr\/index.php?rest_route=\/wp\/v2\/pages\/778","targetHints":{"allow":["GET"]}}],"collection":[{"href":"https:\/\/editions-sillage.fr\/index.php?rest_route=\/wp\/v2\/pages"}],"about":[{"href":"https:\/\/editions-sillage.fr\/index.php?rest_route=\/wp\/v2\/types\/page"}],"author":[{"embeddable":true,"href":"https:\/\/editions-sillage.fr\/index.php?rest_route=\/wp\/v2\/users\/1"}],"replies":[{"embeddable":true,"href":"https:\/\/editions-sillage.fr\/index.php?rest_route=%2Fwp%2Fv2%2Fcomments&post=778"}],"version-history":[{"count":4,"href":"https:\/\/editions-sillage.fr\/index.php?rest_route=\/wp\/v2\/pages\/778\/revisions"}],"predecessor-version":[{"id":1864,"href":"https:\/\/editions-sillage.fr\/index.php?rest_route=\/wp\/v2\/pages\/778\/revisions\/1864"}],"wp:attachment":[{"href":"https:\/\/editions-sillage.fr\/index.php?rest_route=%2Fwp%2Fv2%2Fmedia&parent=778"}],"curies":[{"name":"wp","href":"https:\/\/api.w.org\/{rel}","templated":true}]}}