{"id":687,"date":"2016-08-17T17:21:01","date_gmt":"2016-08-17T15:21:01","guid":{"rendered":"http:\/\/editions-sillage.fr\/?page_id=687"},"modified":"2016-10-14T18:54:23","modified_gmt":"2016-10-14T16:54:23","slug":"gerard-de-nerval","status":"publish","type":"page","link":"https:\/\/editions-sillage.fr\/?page_id=687","title":{"rendered":"G\u00e9rard de Nerval"},"content":{"rendered":"<div class=\"textecourantjustif\">\n<blockquote>\n<p style=\"text-align: justify;\">G\u00e9rard de Nerval aux \u00e9ditions Sillage :<\/p>\n<ul>\n<li style=\"text-align: justify;\"><a href=\"http:\/\/editions-sillage.fr\/?p=496\">Le Roi de Bic\u00eatre<\/a><\/li>\n<\/ul>\n<\/blockquote>\n<p style=\"text-align: justify;\"><img loading=\"lazy\" decoding=\"async\" class=\"alignright size-full wp-image-688\" src=\"http:\/\/editions-sillage.fr\/wp-content\/uploads\/2016\/08\/nerval-1.jpg\" alt=\"nerval\" width=\"154\" height=\"208\" srcset=\"https:\/\/editions-sillage.fr\/wp-content\/uploads\/2016\/08\/nerval-1.jpg 154w, https:\/\/editions-sillage.fr\/wp-content\/uploads\/2016\/08\/nerval-1-111x150.jpg 111w\" sizes=\"auto, (max-width: 154px) 100vw, 154px\" \/>G\u00e9rard Labrunie na\u00eet en 1808 \u00e0 Paris. Apr\u00e8s la mort de sa m\u00e8re, il est \u00e9lev\u00e9 \u00e0 Mortefontaine, dans l\u2019Oise, par son grand-oncle Antoine Boucher. Le jeune gar\u00e7on rencontre Th\u00e9ophile Gautier au Lyc\u00e9e Charlemagne \u00e0 Paris. Sa traduction de <i>Faust<\/i>, publi\u00e9e en 1827, suscite l\u2019enthousiasme de Goethe lui-m\u00eame. Commence alors la vie de boh\u00e8me\u00a0; le po\u00e8te se lie au cercle des jeunes romantiques qui soutiennent Victor Hugo dans la bataille d\u2019<i>Hernani<\/i>.<\/p>\n<p style=\"text-align: justify;\">Apr\u00e8s un voyage en Italie entrepris en 1834, Nerval fonde une revue pour l\u2019actrice Jenny Colon, <i>Le Monde dramatique<\/i>, qui le ruinera en un an. Tout en publiant romans et drames (dont <i>L\u00e9o Burckart<\/i>, repr\u00e9sent\u00e9 pour la premi\u00e8re fois en 1839), il vit tant bien que mal de son m\u00e9tier de journaliste.<\/p>\n<p style=\"text-align: justify;\">Sa premi\u00e8re crise nerveuse survient en 1841. Il effectue un s\u00e9jour \u00e0 la clinique du docteur Blanche. Il passe toute l\u2019ann\u00e9e 1843 en Orient et effectue divers voyages les ann\u00e9es qui suivent. En 1848, il traduit pour la <i>Revue des Deux Mondes<\/i> des po\u00e8mes de Heine, avec qui il se lie. Il s\u00e9journe \u00e0 nouveau chez le docteur Blanche apr\u00e8s la publication du <i>Voyage en Orient<\/i> en 1851.<\/p>\n<p style=\"text-align: justify;\">Les quatre derni\u00e8res ann\u00e9es de sa vie, marqu\u00e9es par la maladie et la mis\u00e8re, seront pourtant une intense p\u00e9riode d\u2019\u00e9criture et de publications. En 1852, Nerval publie <i>Les Illumin\u00e9s<\/i>. En 1853 il fait notamment para\u00eetre <i>Sylvie\u00a0<\/i>; il ach\u00e8ve <i>Les Filles du feu<\/i> et <i>Les Chim\u00e8res<\/i>. Menant une vie errante, il \u00e9crit <i>Aur\u00e9lia<\/i>. Le 26 janvier 1855, Nerval est retrouv\u00e9 pendu rue de la Vieille-Lanterne.<\/p>\n<\/div>\n","protected":false},"excerpt":{"rendered":"<p>G\u00e9rard de Nerval aux \u00e9ditions Sillage : Le Roi de Bic\u00eatre G\u00e9rard Labrunie na\u00eet en 1808 \u00e0 Paris. Apr\u00e8s la mort de sa m\u00e8re, il est \u00e9lev\u00e9 \u00e0 Mortefontaine, dans l\u2019Oise, par son grand-oncle Antoine Boucher. Le jeune gar\u00e7on rencontre Th\u00e9ophile Gautier au Lyc\u00e9e Charlemagne \u00e0 Paris. Sa traduction de Faust, publi\u00e9e en 1827, suscite [&hellip;]<\/p>\n","protected":false},"author":1,"featured_media":0,"parent":0,"menu_order":0,"comment_status":"closed","ping_status":"closed","template":"","meta":{"footnotes":""},"class_list":["post-687","page","type-page","status-publish","hentry"],"_links":{"self":[{"href":"https:\/\/editions-sillage.fr\/index.php?rest_route=\/wp\/v2\/pages\/687","targetHints":{"allow":["GET"]}}],"collection":[{"href":"https:\/\/editions-sillage.fr\/index.php?rest_route=\/wp\/v2\/pages"}],"about":[{"href":"https:\/\/editions-sillage.fr\/index.php?rest_route=\/wp\/v2\/types\/page"}],"author":[{"embeddable":true,"href":"https:\/\/editions-sillage.fr\/index.php?rest_route=\/wp\/v2\/users\/1"}],"replies":[{"embeddable":true,"href":"https:\/\/editions-sillage.fr\/index.php?rest_route=%2Fwp%2Fv2%2Fcomments&post=687"}],"version-history":[{"count":5,"href":"https:\/\/editions-sillage.fr\/index.php?rest_route=\/wp\/v2\/pages\/687\/revisions"}],"predecessor-version":[{"id":1292,"href":"https:\/\/editions-sillage.fr\/index.php?rest_route=\/wp\/v2\/pages\/687\/revisions\/1292"}],"wp:attachment":[{"href":"https:\/\/editions-sillage.fr\/index.php?rest_route=%2Fwp%2Fv2%2Fmedia&parent=687"}],"curies":[{"name":"wp","href":"https:\/\/api.w.org\/{rel}","templated":true}]}}