{"id":658,"date":"2016-08-17T15:37:55","date_gmt":"2016-08-17T13:37:55","guid":{"rendered":"http:\/\/editions-sillage.fr\/?page_id=658"},"modified":"2016-10-14T18:38:05","modified_gmt":"2016-10-14T16:38:05","slug":"heimito-von-doderer-1898-1966","status":"publish","type":"page","link":"https:\/\/editions-sillage.fr\/?page_id=658","title":{"rendered":"Heimito von Doderer"},"content":{"rendered":"<div class=\"textecourantjustif\">\n<blockquote>\n<p style=\"text-align: justify;\">Heimito von Doderer aux \u00e9ditions Sillage :<\/p>\n<ul>\n<li style=\"text-align: justify;\"><a href=\"http:\/\/editions-sillage.fr\/?p=473\">Mort d&rsquo;une dame en \u00e9t\u00e9<\/a><\/li>\n<\/ul>\n<\/blockquote>\n<p style=\"text-align: justify;\"><img loading=\"lazy\" decoding=\"async\" class=\"alignright size-full wp-image-659\" src=\"http:\/\/editions-sillage.fr\/wp-content\/uploads\/2016\/08\/doderer-1.jpg\" alt=\"doderer\" width=\"150\" height=\"196\" srcset=\"https:\/\/editions-sillage.fr\/wp-content\/uploads\/2016\/08\/doderer-1.jpg 150w, https:\/\/editions-sillage.fr\/wp-content\/uploads\/2016\/08\/doderer-1-115x150.jpg 115w\" sizes=\"auto, (max-width: 150px) 100vw, 150px\" \/>Franz Carl Heimito Ritter von Doderer na\u00eet le 5 septembre 1896 \u00e0 Weidlingau, pr\u00e8s de Vienne. En 1914, il entame des \u00e9tudes de droit \u00e0 l\u2019universit\u00e9 de Vienne, qu\u2019il doit interrompre l\u2019ann\u00e9e suivante. \u00c9l\u00e8ve officier, il est fait prisonnier par l\u2019arm\u00e9e russe le 12 juillet 1916 et passe quatre ann\u00e9es en Sib\u00e9rie.<\/p>\n<p style=\"text-align: justify;\">De retour \u00e0 Vienne, il reprend des \u00e9tudes d\u2019histoire et de psychologie et publie ses premiers textes: le recueil de po\u00e8mes <i>Gassen und Landschaft<\/i> (1923), et le roman <i>Die Bresche<\/i> (1924). Il obtient son doctorat en 1925 et se lance dans une carri\u00e8re litt\u00e9raire. Il adh\u00e8re au parti nazi autrichien en 1933, avant de prendre peu \u00e0 peu ses distances et de se convertir au catholicisme en 1940. Mobilis\u00e9 cette m\u00eame ann\u00e9e, il est envoy\u00e9 en France, en Russie, est fait prisonnier en Norv\u00e8ge en 1945.<\/p>\n<p style=\"text-align: justify;\">Il rentre \u00e0 Vienne en 1946, o\u00f9 il est frapp\u00e9 d\u2019une interdiction de publier, lev\u00e9e l\u2019ann\u00e9e suivante. Il publie deux romans en 1951\u00a0: <i>Les Fen\u00eatres \u00e9clair\u00e9es ou<\/i> <i>L\u2019Humanisation de l\u2019inspecteur Julius Zihal<\/i>, et <i>Die Strudlhofstiege<\/i>, qui rencontre un grand succ\u00e8s. 1956 voit la parution des <i>D\u00e9mons<\/i>, consid\u00e9r\u00e9 comme son chef-d\u2019\u0153uvre. Il re\u00e7oit en 1958 le Grand prix d\u2019\u00c9tat autrichien.<\/p>\n<p style=\"text-align: justify;\">Doderer meurt d\u2019un cancer \u00e0 Vienne le 23 d\u00e9cembre 1966, laissant inachev\u00e9e sa t\u00e9tralogie <i>Roman Nr.7<\/i>, dont seul le premier volume a pu \u00eatre termin\u00e9 (<i>Les Chutes de Slunj<\/i>, 1963).<\/p>\n<\/div>\n","protected":false},"excerpt":{"rendered":"<p>Heimito von Doderer aux \u00e9ditions Sillage : Mort d&rsquo;une dame en \u00e9t\u00e9 Franz Carl Heimito Ritter von Doderer na\u00eet le 5 septembre 1896 \u00e0 Weidlingau, pr\u00e8s de Vienne. En 1914, il entame des \u00e9tudes de droit \u00e0 l\u2019universit\u00e9 de Vienne, qu\u2019il doit interrompre l\u2019ann\u00e9e suivante. \u00c9l\u00e8ve officier, il est fait prisonnier par l\u2019arm\u00e9e russe le [&hellip;]<\/p>\n","protected":false},"author":1,"featured_media":0,"parent":0,"menu_order":0,"comment_status":"closed","ping_status":"closed","template":"","meta":{"footnotes":""},"class_list":["post-658","page","type-page","status-publish","hentry"],"_links":{"self":[{"href":"https:\/\/editions-sillage.fr\/index.php?rest_route=\/wp\/v2\/pages\/658","targetHints":{"allow":["GET"]}}],"collection":[{"href":"https:\/\/editions-sillage.fr\/index.php?rest_route=\/wp\/v2\/pages"}],"about":[{"href":"https:\/\/editions-sillage.fr\/index.php?rest_route=\/wp\/v2\/types\/page"}],"author":[{"embeddable":true,"href":"https:\/\/editions-sillage.fr\/index.php?rest_route=\/wp\/v2\/users\/1"}],"replies":[{"embeddable":true,"href":"https:\/\/editions-sillage.fr\/index.php?rest_route=%2Fwp%2Fv2%2Fcomments&post=658"}],"version-history":[{"count":5,"href":"https:\/\/editions-sillage.fr\/index.php?rest_route=\/wp\/v2\/pages\/658\/revisions"}],"predecessor-version":[{"id":1275,"href":"https:\/\/editions-sillage.fr\/index.php?rest_route=\/wp\/v2\/pages\/658\/revisions\/1275"}],"wp:attachment":[{"href":"https:\/\/editions-sillage.fr\/index.php?rest_route=%2Fwp%2Fv2%2Fmedia&parent=658"}],"curies":[{"name":"wp","href":"https:\/\/api.w.org\/{rel}","templated":true}]}}

<div class="textecourantjustif">
<blockquote>
<p style="text-align: justify;">Heimito von Doderer aux éditions Sillage :</p>
<ul>
<li style="text-align: justify;"><a href="http://editions-sillage.fr/?p=473">Mort d&rsquo;une dame en été</a></li>
</ul>
</blockquote>
<p style="text-align: justify;"><img loading="lazy" decoding="async" class="alignright size-full wp-image-659" src="http://editions-sillage.fr/wp-content/uploads/2016/08/doderer-1.jpg" alt="doderer" width="150" height="196" srcset="https://editions-sillage.fr/wp-content/uploads/2016/08/doderer-1.jpg 150w, https://editions-sillage.fr/wp-content/uploads/2016/08/doderer-1-115x150.jpg 115w" sizes="auto, (max-width: 150px) 100vw, 150px" />Franz Carl Heimito Ritter von Doderer naît le 5 septembre 1896 à Weidlingau, près de Vienne. En 1914, il entame des études de droit à l’université de Vienne, qu’il doit interrompre l’année suivante. Élève officier, il est fait prisonnier par l’armée russe le 12 juillet 1916 et passe quatre années en Sibérie.</p>
<p style="text-align: justify;">De retour à Vienne, il reprend des études d’histoire et de psychologie et publie ses premiers textes: le recueil de poèmes <i>Gassen und Landschaft</i> (1923), et le roman <i>Die Bresche</i> (1924). Il obtient son doctorat en 1925 et se lance dans une carrière littéraire. Il adhère au parti nazi autrichien en 1933, avant de prendre peu à peu ses distances et de se convertir au catholicisme en 1940. Mobilisé cette même année, il est envoyé en France, en Russie, est fait prisonnier en Norvège en 1945.</p>
<p style="text-align: justify;">Il rentre à Vienne en 1946, où il est frappé d’une interdiction de publier, levée l’année suivante. Il publie deux romans en 1951 : <i>Les Fenêtres éclairées ou</i> <i>L’Humanisation de l’inspecteur Julius Zihal</i>, et <i>Die Strudlhofstiege</i>, qui rencontre un grand succès. 1956 voit la parution des <i>Démons</i>, considéré comme son chef-d’œuvre. Il reçoit en 1958 le Grand prix d’État autrichien.</p>
<p style="text-align: justify;">Doderer meurt d’un cancer à Vienne le 23 décembre 1966, laissant inachevée sa tétralogie <i>Roman Nr.7</i>, dont seul le premier volume a pu être terminé (<i>Les Chutes de Slunj</i>, 1963).</p>
</div>

<p>Heimito von Doderer aux éditions Sillage : Mort d&rsquo;une dame en été Franz Carl Heimito Ritter von Doderer naît le 5 septembre 1896 à Weidlingau, près de Vienne. En 1914, il entame des études de droit à l’université de Vienne, qu’il doit interrompre l’année suivante. Élève officier, il est fait prisonnier par l’armée russe le [&hellip;]</p>
