{"id":1670,"date":"2017-07-19T16:03:09","date_gmt":"2017-07-19T14:03:09","guid":{"rendered":"http:\/\/editions-sillage.fr\/?page_id=1670"},"modified":"2017-07-24T12:16:32","modified_gmt":"2017-07-24T10:16:32","slug":"karl-kraus","status":"publish","type":"page","link":"https:\/\/editions-sillage.fr\/?page_id=1670","title":{"rendered":"Karl Kraus"},"content":{"rendered":"<blockquote>\n<p style=\"text-align: justify;\">Karl Kraus aux \u00e9ditions Sillage :<\/p>\n<ul style=\"text-align: justify;\">\n<li><em><a href=\"http:\/\/editions-sillage.fr\/?p=168\">Aphorismes<\/a><\/em><\/li>\n<\/ul>\n<\/blockquote>\n<p style=\"text-align: justify;\"><img loading=\"lazy\" decoding=\"async\" class=\"size-medium wp-image-1814 alignright\" src=\"http:\/\/editions-sillage.fr\/wp-content\/uploads\/2017\/07\/Kraus-192x300.jpg\" alt=\"\" width=\"192\" height=\"300\" srcset=\"https:\/\/editions-sillage.fr\/wp-content\/uploads\/2017\/07\/Kraus-192x300.jpg 192w, https:\/\/editions-sillage.fr\/wp-content\/uploads\/2017\/07\/Kraus-96x150.jpg 96w, https:\/\/editions-sillage.fr\/wp-content\/uploads\/2017\/07\/Kraus.jpg 200w\" sizes=\"auto, (max-width: 192px) 100vw, 192px\" \/>1874\u00a0: Naissance de Karl Kraus le 28 avril 1874 \u00e0 Gitschin, en Boh\u00eame, neuvi\u00e8me enfant de Jacob Kraus, un industriel et commer\u00e7ant juif, et d\u2019Ernestine, n\u00e9e Kantor.<\/p>\n<p style=\"text-align: justify;\">1877\u00a0: Sa famille s\u2019installe \u00e0 Vienne, o\u00f9 il restera toute sa vie.<\/p>\n<p style=\"text-align: justify;\">1891\u00a0: Il fait ses \u00e9tudes secondaires au Franz-Joseph Gymnasium, o\u00f9 il commence \u00e0 s\u2019int\u00e9resser au th\u00e9\u00e2tre. Il \u00e9crit sa premi\u00e8re pi\u00e8ce, dont la premi\u00e8re repr\u00e9sentation a lieu \u00e0 Baden, une petite ville baln\u00e9aire pr\u00e8s de Vienne, en ao\u00fbt. Deux mois plus tard, le 24 octobre, sa m\u00e8re d\u00e9c\u00e8de.<\/p>\n<p style=\"text-align: justify;\">1892\u00a0: Il \u00e9crit son premier article dans la revue <em>Wiener Literaturzeitung<\/em>, un compte-rendu de <em>Die Weber <\/em>(<em>Les<\/em> <em>Tisserands<\/em>) de Gerhart Hauptmann, pi\u00e8ce interdite en Autriche. Il commence ainsi \u00e0 publier des critiques litt\u00e9raires et th\u00e9\u00e2trales dans diverses revues. C\u2019est \u00e9galement l\u2019ann\u00e9e o\u00f9 il donne sa premi\u00e8re soir\u00e9e de lecture.<\/p>\n<p style=\"text-align: justify;\">1893\u00a0: Il entreprend des \u00e9tudes de droit \u00e0 l\u2019universit\u00e9 de Vienne, o\u00f9 il se lie avec Peter Altenberg.<\/p>\n<p style=\"text-align: justify;\">1894\u00a0: Il \u00e9tudie la philosophie et la litt\u00e9rature germanique. Il collabore \u00e0 la revue <em>Die Gesellschaft<\/em> de Michael Georg Conrad \u00e0 Leipzig, et continue \u00e0 donner des soir\u00e9es de lecture \u2013\u00a0\u00e0 Ischl, Munich, Berlin\u00a0\u2013 o\u00f9 il fait notamment la lecture des <em>Tisserands<\/em> de Gerhart Hauptmann.<\/p>\n<p style=\"text-align: justify;\">1896\u00a0: Kraus commence \u00e0 travailler en tant qu\u2019acteur dans le Jeune Groupe de Vienne, qu\u2019il quitte apr\u00e8s la publication de <em>Die Demolirte Literatur<\/em> (<em>La Litt\u00e9rature d\u00e9molie<\/em>), le 15 novembre, son premier grand essai satirique, o\u00f9 il s\u2019attaque \u00e0 l\u2019avant-garde litt\u00e9raire viennoise \u2013\u00a0Hermann Bahr, Arthur Schnitzler, Hugo von Hofmannsthal\u00a0\u2013 et qui lui vaut d\u2019\u00eatre agress\u00e9 par le journaliste Felix Salten.<\/p>\n<p style=\"text-align: justify;\">1898\u00a0: Kraus devient chroniqueur pour <em>Die Wage<\/em>, une nouvelle revue. Il publie son deuxi\u00e8me texte important, <em>Eine Krone f\u00fcr Zion<\/em> (<em>Une couronne pour Sion<\/em>), un pamphlet dirig\u00e9 contre le sionisme de Theodor Herzl. Il quitte l\u2019universit\u00e9 sans avoir achev\u00e9 son doctorat. Il travaille au lancement de sa future revue, <em>Die Fackel <\/em>(<em>Le Flambeau<\/em>), avec Maximilian Harden, le r\u00e9dacteur de l\u2019hebdomadaire <em>Die Zukunft<\/em>.<\/p>\n<p style=\"text-align: justify;\">1899\u00a0: Le 1<sup>er<\/sup> avril, Kraus publie le premier num\u00e9ro de sa revue <em>Die Fackel<\/em>, nomm\u00e9e en hommage \u00e0 la revue <em>La Lanterne<\/em> d\u2019Henri Rochefort. Il abandonne la religion juive et se d\u00e9clare \u00ab\u00a0sans confession\u00a0\u00bb.<\/p>\n<p style=\"text-align: justify;\">1900\u00a0: D\u00e9c\u00e8s de son p\u00e8re. La m\u00eame ann\u00e9e, <em>Die Fackel<\/em> commence \u00e0 conna\u00eetre le succ\u00e8s. Kraus prend position lors de l\u2019affaire Dreyfus en publiant dans sa revue des articles de Wilhelm Liebknecht, qui estime que Dreyfus est coupable. Il commence \u00e0 fr\u00e9quenter l\u2019actrice Annie Kalm\u00e1r.<\/p>\n<p style=\"text-align: justify;\">1901\u00a0: Annie Kalm\u00e1r meurt de la tuberculose en mai, ce qui bouleverse Kraus et suspend un temps la parution de <em>Die Fackel<\/em>. \u00c0 la mort de l\u2019actrice, des articles calomnieux sont publi\u00e9s \u00e0 son sujet\u00a0; Kraus se lance aux c\u00f4t\u00e9s de la m\u00e8re d\u2019Annie Kalm\u00e1r dans un proc\u00e8s contre plusieurs journaux. La m\u00eame ann\u00e9e, Kraus intente un autre proc\u00e8s, au fils de son imprimeur qui, sans l\u2019en avoir averti, publiait une revue intitul\u00e9e <em>Die Neue Fackel<\/em>. <em>Die Fackel<\/em> sera d\u00e9sormais \u00e9dit\u00e9e et imprim\u00e9e par Georg Jahoda, avec qui il travaillera jusqu\u2019\u00e0 sa mort.<\/p>\n<p style=\"text-align: justify;\">1902\u00a0: <em>Die Fackel<\/em> prend une dimension plus litt\u00e9raire, en publiant des traductions d\u2019auteurs tels qu\u2019Oscar Wilde ou August Strindberg. Karl Kraus publie son essai <em>Sittlichkeit und Kriminalit\u00e4t <\/em>(<em>Morale et criminalit\u00e9<\/em>).<\/p>\n<p style=\"text-align: justify;\">1904\u00a0: Le rythme de parution ainsi que la pagination de <em>Die Fackel<\/em> deviennent irr\u00e9guliers. Kraus souhaite en effet rompre avec tout ce qui, d\u2019apr\u00e8s lui, pervertit la presse.<\/p>\n<p style=\"text-align: justify;\">1905\u00a0: Karl Kraus se lie d\u2019amiti\u00e9 avec Frank Wedekind, et organise une premi\u00e8re repr\u00e9sentation de sa pi\u00e8ce, <em>Die B\u00fcsche der Pandora<\/em> (<em>La Bo\u00eete de Pandore<\/em>), dans un cercle priv\u00e9, o\u00f9 il joue lui-m\u00eame. Kraus introduit la pi\u00e8ce de Wedekind par la lecture de l\u2019essai qu\u2019il lui a consacr\u00e9.<\/p>\n<p style=\"text-align: justify;\">1906\u00a0: <em>Die Fackel<\/em> publie les textes de jeunes expressionnistes\u00a0\u2013 Albert Ehrenstein, Karl Hauer, Otto Soyka ou Berthold Viertel.<\/p>\n<p style=\"text-align: justify;\">1907\u00a0: Kraus s\u2019indigne des proc\u00e9d\u00e9s de son ami Maximilian Harden, qui pour mieux attaquer le Kaiser Guillaume\u00a0II porte des accusations d\u2019homosexualit\u00e9 (alors consid\u00e9r\u00e9e comme un d\u00e9lit en Allemagne) contre un membre de son entourage proche. Kraus et Harden se brouillent d\u00e9finitivement.<\/p>\n<p style=\"text-align: justify;\">1909\u00a0: Kraus publie <em>Spr\u00fcche und Widerspr\u00fcche<\/em> (<em>Dits et contredits<\/em>), son premier recueil d\u2019aphorismes.<\/p>\n<p style=\"text-align: justify;\">1910\u00a0: Publication de <em>Heine und die Folgen <\/em>(<em>Heine et ses cons\u00e9quences<\/em>). Il noue une amiti\u00e9 avec Else Lasker-Sch\u00fcler et Herwarth Walden, qui publient la revue expressionniste<em> Der\u00a0Sturm<\/em>.<\/p>\n<p style=\"text-align: justify;\">1911\u00a0: Karl Kraus devient le seul et unique r\u00e9dacteur de <em>Die Fackel<\/em>, o\u00f9 il publie la quasi-totalit\u00e9 de ses travaux. Il se convertit au catholicisme.<\/p>\n<p style=\"text-align: justify;\">1912\u00a0: Publication de <em>Pro domo et mundo<\/em>, son deuxi\u00e8me recueil d\u2019aphorismes.<\/p>\n<p style=\"text-align: justify;\">1913\u00a0: Kraus rencontre Sidonie N\u00e1dherny von Borutin, avec laquelle il entretiendra une liaison conflictuelle jusqu\u2019\u00e0 sa mort. Il se lie d\u2019amiti\u00e9 avec Ludwig von Ficker, l\u2019\u00e9diteur de la revue <em>Der Brenner<\/em>.<\/p>\n<p style=\"text-align: justify;\">1914\u00a0: Exempt\u00e9 de service pour inaptitude physique, il d\u00e9nonce la propagande de guerre dans la presse et durant ses soir\u00e9es de lecture, ce qui entra\u00eene la confiscation de sa revue, \u00e0 de nombreuses reprises.<\/p>\n<p style=\"text-align: justify;\">1915\u00a0: Kraus entame la r\u00e9daction d\u2019une de ses \u0153uvres majeures, <em>Die letzten Tage der Menschheit<\/em> (<em>Les Derniers Jours de l\u2019humanit\u00e9<\/em>), pi\u00e8ce satirique sur la Premi\u00e8re Guerre mondiale.<\/p>\n<p style=\"text-align: justify;\">1918\u00a0: En novembre, r\u00e9volution en Autriche\u00a0; proclamation de la R\u00e9publique. Kraus publie <em>Die letzte Nacht<\/em> (<em>La Derni\u00e8re Nuit<\/em>), l\u2019\u00e9pilogue de <em>Die lezten Tage der Menschheit<\/em>, dans un cahier sp\u00e9cial de <em>Die Fackel<\/em>. Sidonie N\u00e1dherny \u00e9pouse le m\u00e9decin Max von Thun und Hohenstein.<\/p>\n<p style=\"text-align: justify;\">1919\u00a0: Kraus r\u00e9unit ses essais traitant de la guerre dans un ouvrage en deux volumes qu\u2019il nomme <em>Weltgericht <\/em>(<em>Tribunal du monde<\/em>). D\u00e9but de la publication de <em>Die letzten Tage der Menschheit<\/em> dans <em>Die Fackel<\/em>. D\u00e9c\u00e8s de son ami Peter Altenberg.<\/p>\n<p style=\"text-align: justify;\">1920\u00a0: Une manifestation \u00ab\u00a0nationaliste\u00a0\u00bb perturbe une de ses soir\u00e9es de lecture \u00e0 Innsbruck. Parution de <em>Literatur oder Man wird doch sehen <\/em>(<em>La Litt\u00e9rature ou Nous verrons bien<\/em>), pour r\u00e9pondre au <em>Spiegelmensch <\/em>(<em>L<\/em>\u2009<em>\u2019Homme<\/em><em>&#8211;<\/em><em>miroir<\/em>) que Franz Werfel avait \u00e9crit contre Kraus.<\/p>\n<p style=\"text-align: justify;\">1921\u00a0: Kraus rencontre le pr\u00e9sident Masaryk et se r\u00e9concilie avec Sidonie N\u00e1dherny, divorc\u00e9e. Il se rend plusieurs fois \u00e0 Janovitz, o\u00f9 elle r\u00e9side et o\u00f9 il noue une amiti\u00e9 avec Mechtilde Lichnowski. Apr\u00e8s sa rupture avec Kurt Wolff, l\u2019\u00e9diteur allemand de ses textes, Kraus cr\u00e9e la maison d\u2019\u00e9dition <em>Die Fackel<\/em>.<\/p>\n<p style=\"text-align: justify;\">1922\u00a0: Publication de sa pi\u00e8ce <em>Traumst\u00fcck <\/em>(<em>Pi\u00e8ce r\u00eav\u00e9e<\/em>). Premier cycle de ses lectures de pi\u00e8ces de Nestroy.<\/p>\n<p style=\"text-align: justify;\">1923\u00a0: Karl Kraus quitte l\u2019\u00c9glise, qu\u2019il qualifie de \u00ab\u00a0plus grand mensonge de son th\u00e9\u00e2tre mondial\u00a0\u00bb, et redevient sans confession. <em>Die letzte Nacht<\/em> est jou\u00e9 en f\u00e9vrier \u00e0 Vienne, puis \u00e0 Br\u00fcnn, et enfin \u00e0 Prague o\u00f9 la repr\u00e9sentation est interrompue par des manifestations pangermanistes. Kraus publie <em>Wolkenkuckucksheim <\/em>(<em>Coucouville<\/em><em>&#8211;<\/em><em>les<\/em><em>&#8211;<\/em><em>nu\u00e9es<\/em>), une version moderne de la com\u00e9die d\u2019Aristophane <em>Les Oiseaux<\/em>.<\/p>\n<p style=\"text-align: justify;\">1924\u00a0: Les pi\u00e8ces de Kraus <em>Traumst\u00fcck<\/em> et <em>Traumtheater <\/em>(<em>Th\u00e9\u00e2tre r\u00eav\u00e9<\/em>) sont jou\u00e9es \u00e0 Berlin le 25 mars, puis \u00e0 Vienne le 29 avril. Kraus publie <em>Nachts<\/em> (<em>Nuit<\/em>), son troisi\u00e8me recueil d\u2019aphorismes.<\/p>\n<p style=\"text-align: justify;\">1925\u00a0: S\u00e9rie de conf\u00e9rences \u00e0 la Sorbonne.<\/p>\n<p style=\"text-align: justify;\">1926\u00a0: Violente pol\u00e9mique contre Alfred Kerr, critique th\u00e9\u00e2tral et essayiste influent \u00e0 Berlin, notamment au sujet de po\u00e8mes nationalistes qu\u2019il avait fait para\u00eetre sous pseudonyme durant la guerre. D\u00e9c\u00e8s de Georg Jahoda, son \u00e9diteur et ami.<\/p>\n<p style=\"text-align: justify;\">1927\u00a0: Suite aux manifestations et \u00e0 la r\u00e9pression polici\u00e8re de la R\u00e9volte de Juillet, il lance une violente campagne contre le pr\u00e9fet de police Johann Schober. Il placarde des affiches dans Vienne, lui demandant de d\u00e9missionner. Il organise \u00e0 nouveau des soir\u00e9es de lecture \u00e0 la Sorbonne.<\/p>\n<p style=\"text-align: justify;\">1928\u00a0: Publication de la pi\u00e8ce <em>Die Un\u00fcberwindlichen<\/em> (<em>Les Invincibles<\/em>).<\/p>\n<p style=\"text-align: justify;\">1929\u00a0: Kraus organise sa 500<sup>e<\/sup> soir\u00e9e de lecture. <em>Die Fackel<\/em> f\u00eate ses trente ans. Les repr\u00e9sentations de <em>Die Un\u00fcberwindlichen<\/em> sont annul\u00e9es pour des raisons politiques.<\/p>\n<p style=\"text-align: justify;\">1930\u00a0: Karl Kraus lit<em> Les Derniers Jours de l\u2019humanit\u00e9 <\/em>dans plusieurs adaptations du Theater der Dichtung, \u00e0 Vienne, Berlin et Prague. La pi\u00e8ce <em>Die letzte Nacht<\/em> est jou\u00e9e \u00e0 Berlin, au th\u00e9\u00e2tre Am Schiffsbauerdamm.<\/p>\n<p style=\"text-align: justify;\">1931\u00a0: 600<sup>e<\/sup> soir\u00e9e de lecture, \u00e0 Vienne. Kraus adapte la <em>P\u00e9richole<\/em> d\u2019Offenbach \u00e0 l\u2019op\u00e9ra de Berlin.<\/p>\n<p style=\"text-align: justify;\">1933-1934\u00a0: R\u00e9daction de son dernier grand pamphlet, <em>Die dritte Walpurgisnacht<\/em> <em>(La Troisi\u00e8me Nuit de Walpurgis<\/em>), analyse des cons\u00e9quences de l\u2019arriv\u00e9e au pouvoir d\u2019Hitler, qu\u2019il publie par fragments dans <em>Die Fackel<\/em>. Kraus soutient le coup d\u2019\u00e9tat du chancelier Dollfuss, qui institue un r\u00e9gime autoritaire aux m\u00e9thodes particuli\u00e8rement brutales, consid\u00e9rant que lui seul est \u00e0 m\u00eame d\u2019endiguer la mont\u00e9e du nazisme. Cette position lui fait perdre un grand nombre de lecteurs. En juillet 1934, assassinat de Dollfuss par les nazis.<\/p>\n<p style=\"text-align: justify;\">1935\u00a0: Il donne sa derni\u00e8re soir\u00e9e de lecture publique. Il se sait atteint d\u2019une maladie cardiaque.<\/p>\n<p style=\"text-align: justify;\">1936\u00a0: En f\u00e9vrier, parution du dernier num\u00e9ro de <em>Die Fackel<\/em>, (n\u00b0\u00a0917-922). Karl Kraus donne sa 700<sup>e<\/sup> soir\u00e9e de lecture le 2 avril. Il meurt d\u2019une embolie pulmonaire \u00e0 Vienne le 12 juillet.<\/p>\n<hr \/>\n<p style=\"text-align: justify;\"><strong><a id=\"biblio\"><\/a>Rep\u00e8res bibliographiques<\/strong><\/p>\n<p style=\"text-align: justify;\">Le pr\u00e9sent volume regroupe environ quatre cents aphorismes de Karl Kraus, choisis dans les trois recueils publi\u00e9s par l\u2019auteur de son vivant\u00a0: <em>Dits et contredits <\/em>(1909), <em>Pro domo et mundo<\/em> (1912), et <em>La Nuit <\/em>(1924).<\/p>\n<p style=\"text-align: justify;\">L\u2009\u2019ensemble de ces aphorismes avaient paru initialement dans la revue que Kraus dirigea de 1899 \u00e0 1936, <em>Die Fackel <\/em>(<em>Le Flambeau<\/em>), dont il fut pratiquement le seul r\u00e9dacteur, et dans laquelle il publia la plus grande partie de son \u0153uvre.<\/p>\n<p style=\"text-align: justify;\"><strong>\u00c9ditions allemandes de r\u00e9f\u00e9rence<\/strong><\/p>\n<p style=\"text-align: justify;\"><em>Die Fackel<\/em> fut int\u00e9gralement reproduite en fac-simil\u00e9 par l\u2019\u00e9diteur K\u00f6sel, \u00e0 Munich, de 1968 \u00e0 1976 (N\u00b0\u00a01 \u00e0 922, 39 volumes).<\/p>\n<p style=\"text-align: justify;\">L\u2009\u2019\u00e9dition critique de r\u00e9f\u00e9rence des \u0153uvres de Kraus ne reprend pas l\u2019int\u00e9gralit\u00e9 des articles de <em>Die Fackel<\/em>, mais fournit des textes ant\u00e9rieurs, ou que Kraus ne publia pas dans sa revue\u00a0:<\/p>\n<p style=\"text-align: justify;\"><em>Karl Kraus. Schriften<\/em>, Christian Wagenknecht (\u00e9d.), 20 volumes, Francfort, Suhrkamp, 1986-1994.<\/p>\n<p style=\"text-align: justify;\"><strong>Traductions fran\u00e7aises<\/strong><\/p>\n<p style=\"text-align: justify;\"><strong>Aphorismes<\/strong><\/p>\n<p style=\"text-align: justify;\"><em>Dits et contredits<\/em>, trad. par Roger Lewinter, Paris, Champ libre, 1975.<\/p>\n<p style=\"text-align: justify;\"><em>Pro domo et mundo<\/em>, trad. par Roger Lewinter, Paris, G\u00e9rard Lebovici, 1985.<\/p>\n<p style=\"text-align: justify;\"><em>La Nuit venue<\/em>, trad. par Roger Lewinter, Paris, G\u00e9rard Lebovici, 1986.<\/p>\n<p style=\"text-align: justify;\"><em>Aphorismes<\/em>, trad. et choix de textes par Roger Lewinter, Paris, \u00c9ditions Mille et une nuits, 1998.<\/p>\n<p style=\"text-align: justify;\"><em>Aphorismes<\/em>, <em>Dires et contre<\/em><em>&#8211;<\/em><em>dires<\/em>, trad. par Pierre Deshusses, Paris, Payot &amp; Rivages, 2010.<\/p>\n<p style=\"text-align: justify;\"><em>Aphorismes et r\u00e9flexions<\/em> <em>II<\/em>, <em>Pro Domo et mundo<\/em>, trad. par Pierre Deshusses, Paris, Payot &amp; Rivages, 2015.<\/p>\n<p style=\"text-align: justify;\"><strong>Essais<\/strong><\/p>\n<p style=\"text-align: justify;\"><em>La Bo\u00eete de Pandore<\/em>, suivi de Wedekind, Frank, <em>Confession et autres po\u00e8mes<\/em>, trad. par Pierre Gallissaires, Paris, Ludd, 1985.<\/p>\n<p style=\"text-align: justify;\"><em>La Litt\u00e9rature d\u00e9molie<\/em>, trad. par Yves Kobry, Marseille, Rivages, 1990.<\/p>\n<p style=\"text-align: justify;\"><em>Cette grande \u00e9poque<\/em>, trad. par \u00e9liane Kaufholz-Messmer, Marseille, Rivages, 1990.<\/p>\n<p style=\"text-align: justify;\"><em>Troisi\u00e8me nuit de Walpurgis<\/em>, trad. par Pierre Deshusses, Marseille, Agone, 2005.<\/p>\n<p style=\"text-align: justify;\"><strong>Th\u00e9\u00e2tre<\/strong><\/p>\n<p style=\"text-align: justify;\"><em>Les Derniers Jours de l\u2019humanit\u00e9<\/em>, trad. par Jean-Louis Besson et Heinz Schwarzinger, Rouen, Presses de l\u2019Universit\u00e9 de Rouen et du Havre, 1986. R\u00e9\u00e9d.\u00a0en version int\u00e9grale, Marseille, Agone, 2004.<\/p>\n<p style=\"text-align: justify;\"><em>Je n\u2019ai aucune id\u00e9e sur Hitler<\/em> (version sc\u00e9nique de <em>Troisi\u00e8me nuit de Walpurgis<\/em>), trad. par Pierre Deshusses, Marseille, Agone, 2013.<\/p>\n<p style=\"text-align: justify;\"><em>Monologue du r\u00e2leur et de l\u2019optimiste<\/em> (extrait des <em> Derniers Jours de l\u2019humanit\u00e9<\/em>), trad. par Jean-Louis Besson et Heinz Schwarzinger, Marseille, Agone, 2015.<\/p>\n<p style=\"text-align: justify;\"><strong>\u00c9tudes critiques<\/strong><\/p>\n<p style=\"text-align: justify;\">Kohn, Caroline, <em>Karl Kraus<\/em>,<em> le pol\u00e9miste et l\u2019\u00e9crivain<\/em>,<em> d\u00e9fenseur des droits de l\u2019individu<\/em>, Paris, Didier, 1962.<\/p>\n<p style=\"text-align: justify;\">Szasz, Thomas, <em>Karl Kraus et les docteurs de l\u2019\u00e2me\u00a0: un pionnier et sa critique de la psychatrie et de la psychanalyse<\/em>, trad. par Pierre-Emmanuel Dauzat, Paris, Hachette, 1985.<\/p>\n<p style=\"text-align: justify;\">Krebs, Gilbert et Stieg, Gerald (dir.), <em>Karl Kraus et son temps<\/em>, Paris, Universit\u00e9 de la Sorbonne Nouvelle, Publications de l\u2019Institut d\u2019allemand, 1989.<\/p>\n<p style=\"text-align: justify;\">Stieg, Gerald (dir.), <em>Actualit\u00e9 de Karl Kraus\u00a0: le centenaire de la <\/em>Fackel (Le Flambeau)<em>, 1899<\/em><em>&#8211;<\/em><em>1936<\/em>, actes du colloque international, Paris, Institut allemand de la Sorbonne nouvelle, 1999.<\/p>\n<p style=\"text-align: justify;\">Bouveresse, Jacques, <em>Schmock ou le triomphe du journalisme\u00a0: la grande bataille de Karl Kraus<\/em>, Paris, Le Seuil, 2001.<\/p>\n<p style=\"text-align: justify;\">Hirt, Andr\u00e9, <em>L<\/em>\u2009<em>\u2019universel reportage et sa magie noire\u00a0: Karl Kraus, le journal et la philosophie,<\/em> Paris, Kim\u00e9, 2002.<\/p>\n<p style=\"text-align: justify;\">Bouveresse, Jacques, <em>Satire et proph\u00e9tie\u00a0<\/em>:<em> les voix de Karl Kraus<\/em>, Marseille, Agone, 2007.<\/p>\n<p style=\"text-align: justify;\">Lacheny, Marc, <em>Karl Kraus\u00a0: lecteur de Johan Nestroy. Pour une autre vision de l\u2019histoire litt\u00e9raire et th\u00e9\u00e2trale<\/em>, Paris, Presses de la Sorbonne Nouvelle, 2008.<\/p>\n<p style=\"text-align: justify;\"><strong>Revues<\/strong><\/p>\n<p style=\"text-align: justify;\"><em>Karl Kraus<\/em>, <em>Cahier de l\u2019Herne<\/em>, n\u00b0\u00a028, dirig\u00e9 par \u00c9liane Kaufholz, Paris, \u00c9ditions de l\u2019Herne, 1975.<\/p>\n<p style=\"text-align: justify;\"><em>Karl Kraus (1874<\/em><em>&#8211;<\/em><em>1936)<\/em>, <em>Austriaca<\/em>, n\u00b0 22, Rouen, Presses universitaires de Rouen, 1986.<\/p>\n<p style=\"text-align: justify;\"><em>Actualit\u00e9 de Karl Kraus<\/em>, <em>Austriaca<\/em>, n\u00b0\u00a049, Rouen, Presses universitaires de Rouen, 2000.<\/p>\n<p style=\"text-align: justify;\"><em>Les Guerres de Karl Kraus<\/em>, <em>Agone<\/em>, n\u00b0\u00a035-36, Marseille, Agone, 2006.<\/p>\n<p style=\"text-align: justify;\"><em>Karl Kraus<\/em><em>&#8211;<\/em><em>Alfred Kubin<\/em>, <em>Europe<\/em>, n\u00b0\u00a01021, Paris, 2014.<\/p>\n","protected":false},"excerpt":{"rendered":"<p>Karl Kraus aux \u00e9ditions Sillage : Aphorismes 1874\u00a0: Naissance de Karl Kraus le 28 avril 1874 \u00e0 Gitschin, en Boh\u00eame, neuvi\u00e8me enfant de Jacob Kraus, un industriel et commer\u00e7ant juif, et d\u2019Ernestine, n\u00e9e Kantor. 1877\u00a0: Sa famille s\u2019installe \u00e0 Vienne, o\u00f9 il restera toute sa vie. 1891\u00a0: Il fait ses \u00e9tudes secondaires au Franz-Joseph Gymnasium, [&hellip;]<\/p>\n","protected":false},"author":1,"featured_media":0,"parent":0,"menu_order":0,"comment_status":"closed","ping_status":"closed","template":"","meta":{"footnotes":""},"class_list":["post-1670","page","type-page","status-publish","hentry"],"_links":{"self":[{"href":"https:\/\/editions-sillage.fr\/index.php?rest_route=\/wp\/v2\/pages\/1670","targetHints":{"allow":["GET"]}}],"collection":[{"href":"https:\/\/editions-sillage.fr\/index.php?rest_route=\/wp\/v2\/pages"}],"about":[{"href":"https:\/\/editions-sillage.fr\/index.php?rest_route=\/wp\/v2\/types\/page"}],"author":[{"embeddable":true,"href":"https:\/\/editions-sillage.fr\/index.php?rest_route=\/wp\/v2\/users\/1"}],"replies":[{"embeddable":true,"href":"https:\/\/editions-sillage.fr\/index.php?rest_route=%2Fwp%2Fv2%2Fcomments&post=1670"}],"version-history":[{"count":7,"href":"https:\/\/editions-sillage.fr\/index.php?rest_route=\/wp\/v2\/pages\/1670\/revisions"}],"predecessor-version":[{"id":2015,"href":"https:\/\/editions-sillage.fr\/index.php?rest_route=\/wp\/v2\/pages\/1670\/revisions\/2015"}],"wp:attachment":[{"href":"https:\/\/editions-sillage.fr\/index.php?rest_route=%2Fwp%2Fv2%2Fmedia&parent=1670"}],"curies":[{"name":"wp","href":"https:\/\/api.w.org\/{rel}","templated":true}]}}